{"id":38043,"date":"2025-09-30T10:43:28","date_gmt":"2025-09-30T14:43:28","guid":{"rendered":"https:\/\/cpaq.ufms.br\/?page_id=38043"},"modified":"2025-09-30T10:43:28","modified_gmt":"2025-09-30T14:43:28","slug":"concurso-de-fotos-xvii-semana-da-matematica","status":"publish","type":"page","link":"https:\/\/cpaq.ufms.br\/en\/concurso-de-fotos-xvii-semana-da-matematica\/","title":{"rendered":"Concurso de Fotos- XVII Semana da Matem\u00e1tica"},"content":{"rendered":"<div style=\"text-align: center\"><strong><a href=\"https:\/\/cpaq.ufms.br\/files\/2025\/09\/Arte-divulgaca.png\"><img fetchpriority=\"high\" decoding=\"async\" class=\"size-medium wp-image-37988 aligncenter\" src=\"https:\/\/cpaq.ufms.br\/files\/2025\/09\/Arte-divulgaca-300x300.png\" alt=\"\" width=\"300\" height=\"300\" srcset=\"https:\/\/cpaq.ufms.br\/files\/2025\/09\/Arte-divulgaca-300x300.png 300w, https:\/\/cpaq.ufms.br\/files\/2025\/09\/Arte-divulgaca-1024x1024.png 1024w, https:\/\/cpaq.ufms.br\/files\/2025\/09\/Arte-divulgaca-150x150.png 150w, https:\/\/cpaq.ufms.br\/files\/2025\/09\/Arte-divulgaca-768x768.png 768w, https:\/\/cpaq.ufms.br\/files\/2025\/09\/Arte-divulgaca-320x320.png 320w, https:\/\/cpaq.ufms.br\/files\/2025\/09\/Arte-divulgaca.png 1080w\" sizes=\"(max-width: 300px) 100vw, 300px\" \/><\/a><br \/>\nHist\u00f3ria e Matem\u00e1tica: uma conex\u00e3o em imagem\u00a0\u00a0<\/strong><\/div>\n<div style=\"text-align: center\"><strong>Fotografias que contam a hist\u00f3ria de viv\u00eancias pessoais com a matem\u00e1tica<\/strong><\/div>\n<div><\/div>\n<div><strong>1. Objetivo<\/strong><\/div>\n<div>O concurso tem como objetivo valorizar a rela\u00e7\u00e3o pessoal de cada participante com a matem\u00e1tica, por meio de registros fotogr\u00e1ficos autorais que expressem lembran\u00e7as, experi\u00eancias e significados ligados a esse conhecimento. Um professor, um caderno, um livro did\u00e1tico, uma escola, uma pessoa que te fez ver a matem\u00e1tica de forma diferente..<\/div>\n<div><\/div>\n<div><strong>2. P\u00fablico-alvo<\/strong><\/div>\n<div>Inscritos na XVII Semana da Matem\u00e1tica do CPAQ interessados em compartilhar sua trajet\u00f3ria com a matem\u00e1tica.<\/div>\n<div><\/div>\n<div><strong>3. Inscri\u00e7\u00e3o<\/strong><\/div>\n<div>\u2022Cada participante poder\u00e1 inscrever at\u00e9 2 fotografias in\u00e9ditas e de sua autoria.<\/div>\n<div>\u2022As imagens dever\u00e3o ser entregues em formato digital (JPEG\/PNG) com boa resolu\u00e7\u00e3o.<\/div>\n<div>\u2022Junto \u00e0 fotografia, o participante dever\u00e1 enviar:<\/div>\n<div>\u2022T\u00edtulo da obra<\/div>\n<div>\u2022Pequeno texto (at\u00e9 5 linhas) explicando a conex\u00e3o pessoal com a matem\u00e1tica.<br \/>\n[<a href=\"https:\/\/forms.gle\/K7MTu9AwPWExhYtQ9\"><strong data-start=\"711\" data-end=\"744\">Clique aqui para se inscrever<\/strong><\/a>]<\/div>\n<div><\/div>\n<div><strong>4. Crit\u00e9rios de avalia\u00e7\u00e3o<\/strong><\/div>\n<div>As fotografias ser\u00e3o avaliadas por uma comiss\u00e3o julgadora considerando:<\/div>\n<div>\u2022Criatividade e originalidade (0\u201310)<\/div>\n<div>\u2022Pertin\u00eancia ao tema (0\u201310)<\/div>\n<div>\u2022Expressividade e impacto visual (0\u201310)<\/div>\n<div>\u2022Clareza da conex\u00e3o com a matem\u00e1tica (0\u201310)<\/div>\n<div><\/div>\n<div><strong>5. Premia\u00e7\u00e3o<\/strong><\/div>\n<div>As fotografias ser\u00e3o expostas no \u00faltimo dia do evento e premiadas no encerramento.<\/div>\n<div><\/div>\n<div><strong>6. Disposi\u00e7\u00f5es finais<\/strong><\/div>\n<div>\u2022Ao inscrever-se, o participante autoriza a utiliza\u00e7\u00e3o de sua fotografia para fins de divulga\u00e7\u00e3o do concurso e de atividades educacionais.<\/div>\n<div>\u2022Casos omissos ser\u00e3o resolvidos pela comiss\u00e3o<\/p>\n<\/div>\n","protected":false},"excerpt":{"rendered":"<p>Hist\u00f3ria e Matem\u00e1tica: uma conex\u00e3o em imagem\u00a0\u00a0 Fotografias que contam a hist\u00f3ria de viv\u00eancias pessoais com a matem\u00e1tica 1. Objetivo O concurso tem como objetivo valorizar a rela\u00e7\u00e3o pessoal de cada participante com a matem\u00e1tica, por meio de registros fotogr\u00e1ficos autorais que expressem lembran\u00e7as, experi\u00eancias e significados ligados a esse conhecimento. Um professor, um caderno, [&hellip;]<\/p>\n","protected":false},"author":1007,"featured_media":0,"parent":0,"menu_order":0,"comment_status":"closed","ping_status":"closed","template":"","meta":{"footnotes":""},"coauthors":[210],"class_list":["post-38043","page","type-page","status-publish","hentry"],"_links":{"self":[{"href":"https:\/\/cpaq.ufms.br\/en\/wp-json\/wp\/v2\/pages\/38043","targetHints":{"allow":["GET"]}}],"collection":[{"href":"https:\/\/cpaq.ufms.br\/en\/wp-json\/wp\/v2\/pages"}],"about":[{"href":"https:\/\/cpaq.ufms.br\/en\/wp-json\/wp\/v2\/types\/page"}],"author":[{"embeddable":true,"href":"https:\/\/cpaq.ufms.br\/en\/wp-json\/wp\/v2\/users\/1007"}],"replies":[{"embeddable":true,"href":"https:\/\/cpaq.ufms.br\/en\/wp-json\/wp\/v2\/comments?post=38043"}],"version-history":[{"count":1,"href":"https:\/\/cpaq.ufms.br\/en\/wp-json\/wp\/v2\/pages\/38043\/revisions"}],"predecessor-version":[{"id":38044,"href":"https:\/\/cpaq.ufms.br\/en\/wp-json\/wp\/v2\/pages\/38043\/revisions\/38044"}],"wp:attachment":[{"href":"https:\/\/cpaq.ufms.br\/en\/wp-json\/wp\/v2\/media?parent=38043"}],"wp:term":[{"taxonomy":"author","embeddable":true,"href":"https:\/\/cpaq.ufms.br\/en\/wp-json\/wp\/v2\/coauthors?post=38043"}],"curies":[{"name":"wp","href":"https:\/\/api.w.org\/{rel}","templated":true}]}}

Concurso de Fotos- XVII Semana da Matemática

<div style="text-align: center"><strong><a href="https://cpaq.ufms.br/files/2025/09/Arte-divulgaca.png"><img fetchpriority="high" decoding="async" class="size-medium wp-image-37988 aligncenter" src="https://cpaq.ufms.br/files/2025/09/Arte-divulgaca-300x300.png" alt="" width="300" height="300" srcset="https://cpaq.ufms.br/files/2025/09/Arte-divulgaca-300x300.png 300w, https://cpaq.ufms.br/files/2025/09/Arte-divulgaca-1024x1024.png 1024w, https://cpaq.ufms.br/files/2025/09/Arte-divulgaca-150x150.png 150w, https://cpaq.ufms.br/files/2025/09/Arte-divulgaca-768x768.png 768w, https://cpaq.ufms.br/files/2025/09/Arte-divulgaca-320x320.png 320w, https://cpaq.ufms.br/files/2025/09/Arte-divulgaca.png 1080w" sizes="(max-width: 300px) 100vw, 300px" /></a><br />
História e Matemática: uma conexão em imagem  </strong></div>
<div style="text-align: center"><strong>Fotografias que contam a história de vivências pessoais com a matemática</strong></div>
<div></div>
<div><strong>1. Objetivo</strong></div>
<div>O concurso tem como objetivo valorizar a relação pessoal de cada participante com a matemática, por meio de registros fotográficos autorais que expressem lembranças, experiências e significados ligados a esse conhecimento. Um professor, um caderno, um livro didático, uma escola, uma pessoa que te fez ver a matemática de forma diferente..</div>
<div></div>
<div><strong>2. Público-alvo</strong></div>
<div>Inscritos na XVII Semana da Matemática do CPAQ interessados em compartilhar sua trajetória com a matemática.</div>
<div></div>
<div><strong>3. Inscrição</strong></div>
<div>•Cada participante poderá inscrever até 2 fotografias inéditas e de sua autoria.</div>
<div>•As imagens deverão ser entregues em formato digital (JPEG/PNG) com boa resolução.</div>
<div>•Junto à fotografia, o participante deverá enviar:</div>
<div>•Título da obra</div>
<div>•Pequeno texto (até 5 linhas) explicando a conexão pessoal com a matemática.<br />
[<a href="https://forms.gle/K7MTu9AwPWExhYtQ9"><strong data-start="711" data-end="744">Clique aqui para se inscrever</strong></a>]</div>
<div></div>
<div><strong>4. Critérios de avaliação</strong></div>
<div>As fotografias serão avaliadas por uma comissão julgadora considerando:</div>
<div>•Criatividade e originalidade (0–10)</div>
<div>•Pertinência ao tema (0–10)</div>
<div>•Expressividade e impacto visual (0–10)</div>
<div>•Clareza da conexão com a matemática (0–10)</div>
<div></div>
<div><strong>5. Premiação</strong></div>
<div>As fotografias serão expostas no último dia do evento e premiadas no encerramento.</div>
<div></div>
<div><strong>6. Disposições finais</strong></div>
<div>•Ao inscrever-se, o participante autoriza a utilização de sua fotografia para fins de divulgação do concurso e de atividades educacionais.</div>
<div>•Casos omissos serão resolvidos pela comissão</p>
</div>

<p>História e Matemática: uma conexão em imagem   Fotografias que contam a história de vivências pessoais com a matemática 1. Objetivo O concurso tem como objetivo valorizar a relação pessoal de cada participante com a matemática, por meio de registros fotográficos autorais que expressem lembranças, experiências e significados ligados a esse conhecimento. Um professor, um caderno, [&hellip;]</p>
