{"id":38005,"date":"2025-09-28T14:55:37","date_gmt":"2025-09-28T18:55:37","guid":{"rendered":"https:\/\/cpaq.ufms.br\/?page_id=38005"},"modified":"2025-09-28T16:20:39","modified_gmt":"2025-09-28T20:20:39","slug":"inscricoes-para-a-xvii-semana-da-matematica","status":"publish","type":"page","link":"https:\/\/cpaq.ufms.br\/en\/inscricoes-para-a-xvii-semana-da-matematica\/","title":{"rendered":"INSCRI\u00c7\u00d5ES PARA A XVII SEMANA DA MATEM\u00c1TICA"},"content":{"rendered":"<p><a href=\"https:\/\/cpaq.ufms.br\/files\/2025\/09\/Arte-divulgaca.png\"><img fetchpriority=\"high\" decoding=\"async\" class=\"size-medium wp-image-37988 aligncenter\" src=\"https:\/\/cpaq.ufms.br\/files\/2025\/09\/Arte-divulgaca-300x300.png\" alt=\"\" width=\"300\" height=\"300\" srcset=\"https:\/\/cpaq.ufms.br\/files\/2025\/09\/Arte-divulgaca-300x300.png 300w, https:\/\/cpaq.ufms.br\/files\/2025\/09\/Arte-divulgaca-1024x1024.png 1024w, https:\/\/cpaq.ufms.br\/files\/2025\/09\/Arte-divulgaca-150x150.png 150w, https:\/\/cpaq.ufms.br\/files\/2025\/09\/Arte-divulgaca-768x768.png 768w, https:\/\/cpaq.ufms.br\/files\/2025\/09\/Arte-divulgaca-320x320.png 320w, https:\/\/cpaq.ufms.br\/files\/2025\/09\/Arte-divulgaca.png 1080w\" sizes=\"(max-width: 300px) 100vw, 300px\" \/><\/a><\/p>\n<p data-start=\"169\" data-end=\"197\"><strong data-start=\"172\" data-end=\"195\">Inscri\u00e7\u00f5es abertas!<\/strong><\/p>\n<p data-start=\"199\" data-end=\"522\">A participa\u00e7\u00e3o na <strong data-start=\"217\" data-end=\"259\">XVII Semana da Matem\u00e1tica do CPAQ\/UFMS<\/strong>, que acontecer\u00e1 de <strong data-start=\"279\" data-end=\"309\">28 a 30 de outubro de 2025<\/strong>, \u00e9 aberta a estudantes, professores, pesquisadores e toda a comunidade interessada em dialogar sobre o tema <strong data-start=\"418\" data-end=\"450\">\u201cMatem\u00e1tica e suas conex\u00f5es: os c<\/strong><strong data-start=\"463\" data-end=\"519\">onhecimentos que entrela\u00e7am o ensino e a aprendizagem\u201d<\/strong>.<\/p>\n<p data-start=\"524\" data-end=\"705\">Para garantir sua vaga nas palestras, oficinas, mesas de di\u00e1logo e demais atividades do evento, \u00e9 necess\u00e1rio realizar a inscri\u00e7\u00e3o por meio do formul\u00e1rio dispon\u00edvel no link abaixo.<\/p>\n<p data-start=\"707\" data-end=\"747\">[<a href=\"https:\/\/forms.gle\/7R4ZJarCSHYcuYup7\"><strong data-start=\"711\" data-end=\"744\">Clique aqui para se inscrever<\/strong><\/a>]\n<p data-start=\"749\" data-end=\"886\">A inscri\u00e7\u00e3o \u00e9 gratuita e dar\u00e1 direito ao certificado de participa\u00e7\u00e3o, desde que cumpridos os requisitos estabelecidos pela organiza\u00e7\u00e3o.<\/p>\n<p data-start=\"888\" data-end=\"1063\">N\u00e3o perca a oportunidade de fazer parte deste encontro.<\/p>\n","protected":false},"excerpt":{"rendered":"<p>Inscri\u00e7\u00f5es abertas! A participa\u00e7\u00e3o na XVII Semana da Matem\u00e1tica do CPAQ\/UFMS, que acontecer\u00e1 de 28 a 30 de outubro de 2025, \u00e9 aberta a estudantes, professores, pesquisadores e toda a comunidade interessada em dialogar sobre o tema \u201cMatem\u00e1tica e suas conex\u00f5es: os conhecimentos que entrela\u00e7am o ensino e a aprendizagem\u201d. Para garantir sua vaga nas [&hellip;]<\/p>\n","protected":false},"author":1007,"featured_media":0,"parent":0,"menu_order":0,"comment_status":"closed","ping_status":"closed","template":"","meta":{"footnotes":""},"coauthors":[210],"class_list":["post-38005","page","type-page","status-publish","hentry"],"_links":{"self":[{"href":"https:\/\/cpaq.ufms.br\/en\/wp-json\/wp\/v2\/pages\/38005","targetHints":{"allow":["GET"]}}],"collection":[{"href":"https:\/\/cpaq.ufms.br\/en\/wp-json\/wp\/v2\/pages"}],"about":[{"href":"https:\/\/cpaq.ufms.br\/en\/wp-json\/wp\/v2\/types\/page"}],"author":[{"embeddable":true,"href":"https:\/\/cpaq.ufms.br\/en\/wp-json\/wp\/v2\/users\/1007"}],"replies":[{"embeddable":true,"href":"https:\/\/cpaq.ufms.br\/en\/wp-json\/wp\/v2\/comments?post=38005"}],"version-history":[{"count":2,"href":"https:\/\/cpaq.ufms.br\/en\/wp-json\/wp\/v2\/pages\/38005\/revisions"}],"predecessor-version":[{"id":38030,"href":"https:\/\/cpaq.ufms.br\/en\/wp-json\/wp\/v2\/pages\/38005\/revisions\/38030"}],"wp:attachment":[{"href":"https:\/\/cpaq.ufms.br\/en\/wp-json\/wp\/v2\/media?parent=38005"}],"wp:term":[{"taxonomy":"author","embeddable":true,"href":"https:\/\/cpaq.ufms.br\/en\/wp-json\/wp\/v2\/coauthors?post=38005"}],"curies":[{"name":"wp","href":"https:\/\/api.w.org\/{rel}","templated":true}]}}

INSCRIÇÕES PARA A XVII SEMANA DA MATEMÁTICA

<p><a href="https://cpaq.ufms.br/files/2025/09/Arte-divulgaca.png"><img fetchpriority="high" decoding="async" class="size-medium wp-image-37988 aligncenter" src="https://cpaq.ufms.br/files/2025/09/Arte-divulgaca-300x300.png" alt="" width="300" height="300" srcset="https://cpaq.ufms.br/files/2025/09/Arte-divulgaca-300x300.png 300w, https://cpaq.ufms.br/files/2025/09/Arte-divulgaca-1024x1024.png 1024w, https://cpaq.ufms.br/files/2025/09/Arte-divulgaca-150x150.png 150w, https://cpaq.ufms.br/files/2025/09/Arte-divulgaca-768x768.png 768w, https://cpaq.ufms.br/files/2025/09/Arte-divulgaca-320x320.png 320w, https://cpaq.ufms.br/files/2025/09/Arte-divulgaca.png 1080w" sizes="(max-width: 300px) 100vw, 300px" /></a></p>
<p data-start="169" data-end="197"><strong data-start="172" data-end="195">Inscrições abertas!</strong></p>
<p data-start="199" data-end="522">A participação na <strong data-start="217" data-end="259">XVII Semana da Matemática do CPAQ/UFMS</strong>, que acontecerá de <strong data-start="279" data-end="309">28 a 30 de outubro de 2025</strong>, é aberta a estudantes, professores, pesquisadores e toda a comunidade interessada em dialogar sobre o tema <strong data-start="418" data-end="450">“Matemática e suas conexões: os c</strong><strong data-start="463" data-end="519">onhecimentos que entrelaçam o ensino e a aprendizagem”</strong>.</p>
<p data-start="524" data-end="705">Para garantir sua vaga nas palestras, oficinas, mesas de diálogo e demais atividades do evento, é necessário realizar a inscrição por meio do formulário disponível no link abaixo.</p>
<p data-start="707" data-end="747">[<a href="https://forms.gle/7R4ZJarCSHYcuYup7"><strong data-start="711" data-end="744">Clique aqui para se inscrever</strong></a>]
<p data-start="749" data-end="886">A inscrição é gratuita e dará direito ao certificado de participação, desde que cumpridos os requisitos estabelecidos pela organização.</p>
<p data-start="888" data-end="1063">Não perca a oportunidade de fazer parte deste encontro.</p>

<p>Inscrições abertas! A participação na XVII Semana da Matemática do CPAQ/UFMS, que acontecerá de 28 a 30 de outubro de 2025, é aberta a estudantes, professores, pesquisadores e toda a comunidade interessada em dialogar sobre o tema “Matemática e suas conexões: os conhecimentos que entrelaçam o ensino e a aprendizagem”. Para garantir sua vaga nas [&hellip;]</p>
