{"id":37967,"date":"2025-09-28T10:46:28","date_gmt":"2025-09-28T14:46:28","guid":{"rendered":"https:\/\/cpaq.ufms.br\/?page_id=37967"},"modified":"2025-09-28T14:40:22","modified_gmt":"2025-09-28T18:40:22","slug":"programacao-xvii-semana-da-matematica","status":"publish","type":"page","link":"https:\/\/cpaq.ufms.br\/en\/programacao-xvii-semana-da-matematica\/","title":{"rendered":"PROGRAMA\u00c7\u00c3O DA XVII SEMANA DA MATEM\u00c1TICA"},"content":{"rendered":"<p style=\"text-align: center\"><a href=\"https:\/\/cpaq.ufms.br\/files\/2025\/09\/Arte-divulgaca.png\"><img fetchpriority=\"high\" decoding=\"async\" class=\"alignnone size-medium wp-image-37988\" src=\"https:\/\/cpaq.ufms.br\/files\/2025\/09\/Arte-divulgaca-300x300.png\" alt=\"\" width=\"300\" height=\"300\" srcset=\"https:\/\/cpaq.ufms.br\/files\/2025\/09\/Arte-divulgaca-300x300.png 300w, https:\/\/cpaq.ufms.br\/files\/2025\/09\/Arte-divulgaca-1024x1024.png 1024w, https:\/\/cpaq.ufms.br\/files\/2025\/09\/Arte-divulgaca-150x150.png 150w, https:\/\/cpaq.ufms.br\/files\/2025\/09\/Arte-divulgaca-768x768.png 768w, https:\/\/cpaq.ufms.br\/files\/2025\/09\/Arte-divulgaca-320x320.png 320w, https:\/\/cpaq.ufms.br\/files\/2025\/09\/Arte-divulgaca.png 1080w\" sizes=\"(max-width: 300px) 100vw, 300px\" \/><\/a><\/p>\n<p data-start=\"692\" data-end=\"935\">A programa\u00e7\u00e3o re\u00fane <strong data-start=\"712\" data-end=\"803\">palestras, oficinas, mesas-redondas e apresenta\u00e7\u00f5es de trabalhos acad\u00eamicos<\/strong>, proporcionando momentos de reflex\u00e3o, forma\u00e7\u00e3o e integra\u00e7\u00e3o entre estudantes, professores, pesquisadores e a comunidade em geral.<\/p>\n<p data-start=\"937\" data-end=\"1140\">Convidamos voc\u00ea a conferir cada atividade, participar das discuss\u00f5es e vivenciar essa oportunidade de aprofundar conhecimentos, fortalecer v\u00ednculos e valorizar a Matem\u00e1tica em seus m\u00faltiplos contextos.<\/p>\n<p data-start=\"937\" data-end=\"1140\"><a href=\"https:\/\/cpaq.ufms.br\/files\/2025\/09\/1-2.png\"><img decoding=\"async\" class=\"size-medium wp-image-37990 aligncenter\" src=\"https:\/\/cpaq.ufms.br\/files\/2025\/09\/1-2-240x300.png\" alt=\"\" width=\"240\" height=\"300\" srcset=\"https:\/\/cpaq.ufms.br\/files\/2025\/09\/1-2-240x300.png 240w, https:\/\/cpaq.ufms.br\/files\/2025\/09\/1-2-819x1024.png 819w, https:\/\/cpaq.ufms.br\/files\/2025\/09\/1-2-768x960.png 768w, https:\/\/cpaq.ufms.br\/files\/2025\/09\/1-2-256x320.png 256w, https:\/\/cpaq.ufms.br\/files\/2025\/09\/1-2.png 1080w\" sizes=\"(max-width: 240px) 100vw, 240px\" \/><\/a><\/p>\n<p data-start=\"937\" data-end=\"1140\">Confira abaixo a programa\u00e7\u00e3o completa da XVII Semana da Matem\u00e1tica \u2013 CPAQ\/UFMS!<\/p>\n<ul>\n<li data-start=\"937\" data-end=\"1140\"><strong data-start=\"212\" data-end=\"226\">28\/10\/2025 (tarde)<\/strong> \u2013 Confira a programa\u00e7\u00e3o deste dia clicando <a href=\"https:\/\/drive.google.com\/file\/d\/1PVoqYQPijBNywxsZ3B8-3q33EMz1c-zS\/view?usp=sharing\"><strong data-start=\"273\" data-end=\"281\">aqui<\/strong><\/a>.<\/li>\n<li><strong data-start=\"212\" data-end=\"226\">29\/10\/2025 (manh\u00e3)<\/strong> \u2013 Confira a programa\u00e7\u00e3o deste dia clicando <a href=\"https:\/\/drive.google.com\/file\/d\/1jjibcwdF9y5uJ1lKBxZhQ-SE0tGwzSBi\/view?usp=sharing\"><strong data-start=\"273\" data-end=\"281\">aqui<\/strong><\/a>.<\/li>\n<li><strong data-start=\"212\" data-end=\"226\">29\/10\/2025 (tarde)<\/strong> \u2013 Confira a programa\u00e7\u00e3o deste dia clicando <a href=\"https:\/\/drive.google.com\/file\/d\/1Gmp7IMTPJ_n8JpP9-erFTAI5aX9Qa6RG\/view?usp=sharing\"><strong data-start=\"273\" data-end=\"281\">aqui<\/strong><\/a>.<\/li>\n<li><strong data-start=\"212\" data-end=\"226\">30\/10\/2025 (manh\u00e3)<\/strong> \u2013 Confira a programa\u00e7\u00e3o deste dia clicando <a href=\"https:\/\/drive.google.com\/file\/d\/1Ok0Y9GOem-Ilzp1mK5XUixA8J3EF-got\/view?usp=sharing\"><strong data-start=\"273\" data-end=\"281\">aqui<\/strong><\/a>.<\/li>\n<li><strong data-start=\"212\" data-end=\"226\">30\/10\/2025 (tarde)<\/strong>\u00a0\u2013 Confira a programa\u00e7\u00e3o deste dia clicando <a href=\"https:\/\/drive.google.com\/file\/d\/1QGpy73MJwFiRUqpBBP9cHucsZ6gT6LHq\/view?usp=sharing\"><strong data-start=\"273\" data-end=\"281\">aqui<\/strong><\/a>.<\/li>\n<\/ul>\n<p>&nbsp;<\/p>\n","protected":false},"excerpt":{"rendered":"<p>A programa\u00e7\u00e3o re\u00fane palestras, oficinas, mesas-redondas e apresenta\u00e7\u00f5es de trabalhos acad\u00eamicos, proporcionando momentos de reflex\u00e3o, forma\u00e7\u00e3o e integra\u00e7\u00e3o entre estudantes, professores, pesquisadores e a comunidade em geral. Convidamos voc\u00ea a conferir cada atividade, participar das discuss\u00f5es e vivenciar essa oportunidade de aprofundar conhecimentos, fortalecer v\u00ednculos e valorizar a Matem\u00e1tica em seus m\u00faltiplos contextos. Confira abaixo [&hellip;]<\/p>\n","protected":false},"author":1007,"featured_media":0,"parent":0,"menu_order":0,"comment_status":"closed","ping_status":"closed","template":"","meta":{"footnotes":""},"coauthors":[210],"class_list":["post-37967","page","type-page","status-publish","hentry"],"_links":{"self":[{"href":"https:\/\/cpaq.ufms.br\/en\/wp-json\/wp\/v2\/pages\/37967","targetHints":{"allow":["GET"]}}],"collection":[{"href":"https:\/\/cpaq.ufms.br\/en\/wp-json\/wp\/v2\/pages"}],"about":[{"href":"https:\/\/cpaq.ufms.br\/en\/wp-json\/wp\/v2\/types\/page"}],"author":[{"embeddable":true,"href":"https:\/\/cpaq.ufms.br\/en\/wp-json\/wp\/v2\/users\/1007"}],"replies":[{"embeddable":true,"href":"https:\/\/cpaq.ufms.br\/en\/wp-json\/wp\/v2\/comments?post=37967"}],"version-history":[{"count":11,"href":"https:\/\/cpaq.ufms.br\/en\/wp-json\/wp\/v2\/pages\/37967\/revisions"}],"predecessor-version":[{"id":37970,"href":"https:\/\/cpaq.ufms.br\/en\/wp-json\/wp\/v2\/pages\/37967\/revisions\/37970"}],"wp:attachment":[{"href":"https:\/\/cpaq.ufms.br\/en\/wp-json\/wp\/v2\/media?parent=37967"}],"wp:term":[{"taxonomy":"author","embeddable":true,"href":"https:\/\/cpaq.ufms.br\/en\/wp-json\/wp\/v2\/coauthors?post=37967"}],"curies":[{"name":"wp","href":"https:\/\/api.w.org\/{rel}","templated":true}]}}

PROGRAMAÇÃO DA XVII SEMANA DA MATEMÁTICA

<p style="text-align: center"><a href="https://cpaq.ufms.br/files/2025/09/Arte-divulgaca.png"><img fetchpriority="high" decoding="async" class="alignnone size-medium wp-image-37988" src="https://cpaq.ufms.br/files/2025/09/Arte-divulgaca-300x300.png" alt="" width="300" height="300" srcset="https://cpaq.ufms.br/files/2025/09/Arte-divulgaca-300x300.png 300w, https://cpaq.ufms.br/files/2025/09/Arte-divulgaca-1024x1024.png 1024w, https://cpaq.ufms.br/files/2025/09/Arte-divulgaca-150x150.png 150w, https://cpaq.ufms.br/files/2025/09/Arte-divulgaca-768x768.png 768w, https://cpaq.ufms.br/files/2025/09/Arte-divulgaca-320x320.png 320w, https://cpaq.ufms.br/files/2025/09/Arte-divulgaca.png 1080w" sizes="(max-width: 300px) 100vw, 300px" /></a></p>
<p data-start="692" data-end="935">A programação reúne <strong data-start="712" data-end="803">palestras, oficinas, mesas-redondas e apresentações de trabalhos acadêmicos</strong>, proporcionando momentos de reflexão, formação e integração entre estudantes, professores, pesquisadores e a comunidade em geral.</p>
<p data-start="937" data-end="1140">Convidamos você a conferir cada atividade, participar das discussões e vivenciar essa oportunidade de aprofundar conhecimentos, fortalecer vínculos e valorizar a Matemática em seus múltiplos contextos.</p>
<p data-start="937" data-end="1140"><a href="https://cpaq.ufms.br/files/2025/09/1-2.png"><img decoding="async" class="size-medium wp-image-37990 aligncenter" src="https://cpaq.ufms.br/files/2025/09/1-2-240x300.png" alt="" width="240" height="300" srcset="https://cpaq.ufms.br/files/2025/09/1-2-240x300.png 240w, https://cpaq.ufms.br/files/2025/09/1-2-819x1024.png 819w, https://cpaq.ufms.br/files/2025/09/1-2-768x960.png 768w, https://cpaq.ufms.br/files/2025/09/1-2-256x320.png 256w, https://cpaq.ufms.br/files/2025/09/1-2.png 1080w" sizes="(max-width: 240px) 100vw, 240px" /></a></p>
<p data-start="937" data-end="1140">Confira abaixo a programação completa da XVII Semana da Matemática – CPAQ/UFMS!</p>
<ul>
<li data-start="937" data-end="1140"><strong data-start="212" data-end="226">28/10/2025 (tarde)</strong> – Confira a programação deste dia clicando <a href="https://drive.google.com/file/d/1PVoqYQPijBNywxsZ3B8-3q33EMz1c-zS/view?usp=sharing"><strong data-start="273" data-end="281">aqui</strong></a>.</li>
<li><strong data-start="212" data-end="226">29/10/2025 (manhã)</strong> – Confira a programação deste dia clicando <a href="https://drive.google.com/file/d/1jjibcwdF9y5uJ1lKBxZhQ-SE0tGwzSBi/view?usp=sharing"><strong data-start="273" data-end="281">aqui</strong></a>.</li>
<li><strong data-start="212" data-end="226">29/10/2025 (tarde)</strong> – Confira a programação deste dia clicando <a href="https://drive.google.com/file/d/1Gmp7IMTPJ_n8JpP9-erFTAI5aX9Qa6RG/view?usp=sharing"><strong data-start="273" data-end="281">aqui</strong></a>.</li>
<li><strong data-start="212" data-end="226">30/10/2025 (manhã)</strong> – Confira a programação deste dia clicando <a href="https://drive.google.com/file/d/1Ok0Y9GOem-Ilzp1mK5XUixA8J3EF-got/view?usp=sharing"><strong data-start="273" data-end="281">aqui</strong></a>.</li>
<li><strong data-start="212" data-end="226">30/10/2025 (tarde)</strong> – Confira a programação deste dia clicando <a href="https://drive.google.com/file/d/1QGpy73MJwFiRUqpBBP9cHucsZ6gT6LHq/view?usp=sharing"><strong data-start="273" data-end="281">aqui</strong></a>.</li>
</ul>
<p>&nbsp;</p>

<p>A programação reúne palestras, oficinas, mesas-redondas e apresentações de trabalhos acadêmicos, proporcionando momentos de reflexão, formação e integração entre estudantes, professores, pesquisadores e a comunidade em geral. Convidamos você a conferir cada atividade, participar das discussões e vivenciar essa oportunidade de aprofundar conhecimentos, fortalecer vínculos e valorizar a Matemática em seus múltiplos contextos. Confira abaixo [&hellip;]</p>
