{"id":35274,"date":"2024-11-12T08:59:00","date_gmt":"2024-11-12T12:59:00","guid":{"rendered":"https:\/\/cpaq.ufms.br\/?page_id=35274"},"modified":"2024-11-12T10:10:22","modified_gmt":"2024-11-12T14:10:22","slug":"centro-cultural-programacao-de-eventos","status":"publish","type":"page","link":"https:\/\/cpaq.ufms.br\/en\/centro-cultural\/centro-cultural-programacao-de-eventos\/","title":{"rendered":"Centro Cultural &#8211; Programa\u00e7\u00e3o de Eventos"},"content":{"rendered":"\t\t<div data-elementor-type=\"wp-page\" data-elementor-id=\"35274\" class=\"elementor elementor-35274\">\n\t\t\t\t<div class=\"elementor-element elementor-element-c3452d5 e-flex e-con-boxed e-con e-parent\" data-id=\"c3452d5\" data-element_type=\"container\">\n\t\t\t\t\t<div class=\"e-con-inner\">\n\t\t\t\t<div class=\"elementor-element elementor-element-f6d04c8 elementor-widget elementor-widget-contentviews_widget_grid1\" data-id=\"f6d04c8\" data-element_type=\"widget\" data-widget_type=\"contentviews_widget_grid1.default\">\n\t\t\t\t<div class=\"elementor-widget-container\">\n\t\t\t\t\t<div class='pt-cv-wrapper'> <div class=\"pt-cv-view pt-cv-blockgrid iscvblock iscvelementor grid1 layout1\" id=\"pt-cv-view-f6d04c8\"><div data-id=\"pt-cv-page-1\" class=\"pt-cv-page\" data-cvc=\"1\"><div class=\" pt-cv-content-item pt-cv-1-col\" ><div class=\"pt-cv-thumb-wrapper  \"><a href=\"https:\/\/cpaq.ufms.br\/en\/participe-da-avaliacao-de-disciplinas-2025-2-da-ufms\/\" class=\"_self pt-cv-href-thumbnail pt-cv-thumb-default\" target=\"_self\" ><img decoding=\"async\" width=\"300\" height=\"96\" src=\"https:\/\/cpaq.ufms.br\/files\/2025\/10\/WhatsApp-Image-2025-10-27-at-13.41.39-300x96.jpeg\" class=\"pt-cv-thumbnail\" alt=\"\" \/><\/a><\/div>\n<h4 class=\"pt-cv-title\"><a href=\"https:\/\/cpaq.ufms.br\/en\/participe-da-avaliacao-de-disciplinas-2025-2-da-ufms\/\" class=\"_self\" target=\"_self\" >Participe da Avalia\u00e7\u00e3o de Disciplinas 2025.2 da UFMS<\/a><\/h4>\n<div class=\"pt-cv-content\">A Universidade Federal de Mato Grosso do Sul (UFMS) convida professores e estudantes de gradua\u00e7\u00e3o e p\u00f3s-gradua\u00e7\u00e3o a participarem da ...<\/div>\n<div class=\"pt-cv-rmwrap\"><a href=\"https:\/\/cpaq.ufms.br\/en\/participe-da-avaliacao-de-disciplinas-2025-2-da-ufms\/\" class=\"_self pt-cv-readmore btn btn-success\" target=\"_self\" >Leia Mais<\/a><\/div><\/div>\n<div class=\" pt-cv-content-item pt-cv-1-col\" ><div class=\"pt-cv-thumb-wrapper  \"><a href=\"https:\/\/cpaq.ufms.br\/en\/estao-abertas-as-inscricoes-para-o-ciclo-de-debates-fake-news-e-negacionismos-no-brasil-contemporaneo\/\" class=\"_self pt-cv-href-thumbnail pt-cv-thumb-default\" target=\"_self\" ><img loading=\"lazy\" decoding=\"async\" width=\"300\" height=\"169\" src=\"https:\/\/cpaq.ufms.br\/files\/2024\/11\/Copia-de-Design-sem-nome-300x169.png\" class=\"pt-cv-thumbnail\" alt=\"\" \/><\/a><\/div>\n<h4 class=\"pt-cv-title\"><a href=\"https:\/\/cpaq.ufms.br\/en\/estao-abertas-as-inscricoes-para-o-ciclo-de-debates-fake-news-e-negacionismos-no-brasil-contemporaneo\/\" class=\"_self\" target=\"_self\" >Est\u00e3o abertas as inscri\u00e7\u00f5es para o Ciclo de Debates: \u201cFake News e negacionismos no Brasil contempor\u00e2neo\u201d.<\/a><\/h4>\n<div class=\"pt-cv-content\">A Dire\u00e7\u00e3o do Campus de Aquidauana da Universidade Federal de Mato Grosso do Sul juntamente com o Grupo de Pesquisa ...<\/div>\n<div class=\"pt-cv-rmwrap\"><a href=\"https:\/\/cpaq.ufms.br\/en\/estao-abertas-as-inscricoes-para-o-ciclo-de-debates-fake-news-e-negacionismos-no-brasil-contemporaneo\/\" class=\"_self pt-cv-readmore btn btn-success\" target=\"_self\" >Leia Mais<\/a><\/div><\/div>\n<div class=\" pt-cv-content-item pt-cv-1-col\" ><div class=\"pt-cv-thumb-wrapper  \"><a href=\"https:\/\/cpaq.ufms.br\/en\/centro-cultural-tera-apresentacao-da-orquestra-de-violao-no-proximo-sabado\/\" class=\"_self pt-cv-href-thumbnail pt-cv-thumb-default\" target=\"_self\" ><img loading=\"lazy\" decoding=\"async\" width=\"300\" height=\"225\" src=\"https:\/\/cpaq.ufms.br\/files\/2024\/10\/WhatsApp-Image-2024-10-21-at-16.53.28-300x225.jpeg\" class=\"pt-cv-thumbnail\" alt=\"\" \/><\/a><\/div>\n<h4 class=\"pt-cv-title\"><a href=\"https:\/\/cpaq.ufms.br\/en\/centro-cultural-tera-apresentacao-da-orquestra-de-violao-no-proximo-sabado\/\" class=\"_self\" target=\"_self\" >Centro Cultural ter\u00e1 apresenta\u00e7\u00e3o da Orquestra de Viol\u00e3o no pr\u00f3ximo s\u00e1bado<\/a><\/h4>\n<div class=\"pt-cv-content\">No pr\u00f3ximo s\u00e1bado, 26\/10, \u00e0s 18h, o Centro Cultural do C\u00e2mpus de Aquidauana ter\u00e1 uma apresenta\u00e7\u00e3o da Orquestra de Viol\u00f5es ...<\/div>\n<div class=\"pt-cv-rmwrap\"><a href=\"https:\/\/cpaq.ufms.br\/en\/centro-cultural-tera-apresentacao-da-orquestra-de-violao-no-proximo-sabado\/\" class=\"_self pt-cv-readmore btn btn-success\" target=\"_self\" >Leia Mais<\/a><\/div><\/div><\/div><\/div> <\/div> \t\t\t\t<\/div>\n\t\t\t\t<\/div>\n\t\t\t\t\t<\/div>\n\t\t\t\t<\/div>\n\t\t\t\t<\/div>\n\t\t","protected":false},"excerpt":{"rendered":"<p>Centro Cultural ter\u00e1 apresenta\u00e7\u00e3o da Orquestra de Viol\u00e3o no pr\u00f3ximo s\u00e1bado No pr\u00f3ximo s\u00e1bado, 26\/10, \u00e0s 18h, o Centro Cultural do C\u00e2mpus de Aquidauana ter\u00e1 uma apresenta\u00e7\u00e3o da Orquestra de Viol\u00f5es &#8230; Leia Mais<\/p>\n","protected":false},"author":1449,"featured_media":0,"parent":35241,"menu_order":0,"comment_status":"closed","ping_status":"closed","template":"","meta":{"footnotes":""},"coauthors":[],"class_list":["post-35274","page","type-page","status-publish","hentry"],"_links":{"self":[{"href":"https:\/\/cpaq.ufms.br\/en\/wp-json\/wp\/v2\/pages\/35274","targetHints":{"allow":["GET"]}}],"collection":[{"href":"https:\/\/cpaq.ufms.br\/en\/wp-json\/wp\/v2\/pages"}],"about":[{"href":"https:\/\/cpaq.ufms.br\/en\/wp-json\/wp\/v2\/types\/page"}],"author":[{"embeddable":true,"href":"https:\/\/cpaq.ufms.br\/en\/wp-json\/wp\/v2\/users\/1449"}],"replies":[{"embeddable":true,"href":"https:\/\/cpaq.ufms.br\/en\/wp-json\/wp\/v2\/comments?post=35274"}],"version-history":[{"count":20,"href":"https:\/\/cpaq.ufms.br\/en\/wp-json\/wp\/v2\/pages\/35274\/revisions"}],"predecessor-version":[{"id":35308,"href":"https:\/\/cpaq.ufms.br\/en\/wp-json\/wp\/v2\/pages\/35274\/revisions\/35308"}],"up":[{"embeddable":true,"href":"https:\/\/cpaq.ufms.br\/en\/wp-json\/wp\/v2\/pages\/35241"}],"wp:attachment":[{"href":"https:\/\/cpaq.ufms.br\/en\/wp-json\/wp\/v2\/media?parent=35274"}],"wp:term":[{"taxonomy":"author","embeddable":true,"href":"https:\/\/cpaq.ufms.br\/en\/wp-json\/wp\/v2\/coauthors?post=35274"}],"curies":[{"name":"wp","href":"https:\/\/api.w.org\/{rel}","templated":true}]}}

Centro Cultural &#8211; Programação de Eventos

<div data-elementor-type="wp-page" data-elementor-id="35274" class="elementor elementor-35274">
				<div class="elementor-element elementor-element-c3452d5 e-flex e-con-boxed e-con e-parent" data-id="c3452d5" data-element_type="container">
					<div class="e-con-inner">
				<div class="elementor-element elementor-element-f6d04c8 elementor-widget elementor-widget-contentviews_widget_grid1" data-id="f6d04c8" data-element_type="widget" data-widget_type="contentviews_widget_grid1.default">
				<div class="elementor-widget-container">
					<div class='pt-cv-wrapper'> <div class="pt-cv-view pt-cv-blockgrid iscvblock iscvelementor grid1 layout1" id="pt-cv-view-f6d04c8"><div data-id="pt-cv-page-1" class="pt-cv-page" data-cvc="1"><div class=" pt-cv-content-item pt-cv-1-col" ><div class="pt-cv-thumb-wrapper  "><a href="https://cpaq.ufms.br/en/participe-da-avaliacao-de-disciplinas-2025-2-da-ufms/" class="_self pt-cv-href-thumbnail pt-cv-thumb-default" target="_self" ><img decoding="async" width="300" height="96" src="https://cpaq.ufms.br/files/2025/10/WhatsApp-Image-2025-10-27-at-13.41.39-300x96.jpeg" class="pt-cv-thumbnail" alt="" /></a></div>
<h4 class="pt-cv-title"><a href="https://cpaq.ufms.br/en/participe-da-avaliacao-de-disciplinas-2025-2-da-ufms/" class="_self" target="_self" >Participe da Avaliação de Disciplinas 2025.2 da UFMS</a></h4>
<div class="pt-cv-content">A Universidade Federal de Mato Grosso do Sul (UFMS) convida professores e estudantes de graduação e pós-graduação a participarem da ...</div>
<div class="pt-cv-rmwrap"><a href="https://cpaq.ufms.br/en/participe-da-avaliacao-de-disciplinas-2025-2-da-ufms/" class="_self pt-cv-readmore btn btn-success" target="_self" >Leia Mais</a></div></div>
<div class=" pt-cv-content-item pt-cv-1-col" ><div class="pt-cv-thumb-wrapper  "><a href="https://cpaq.ufms.br/en/estao-abertas-as-inscricoes-para-o-ciclo-de-debates-fake-news-e-negacionismos-no-brasil-contemporaneo/" class="_self pt-cv-href-thumbnail pt-cv-thumb-default" target="_self" ><img loading="lazy" decoding="async" width="300" height="169" src="https://cpaq.ufms.br/files/2024/11/Copia-de-Design-sem-nome-300x169.png" class="pt-cv-thumbnail" alt="" /></a></div>
<h4 class="pt-cv-title"><a href="https://cpaq.ufms.br/en/estao-abertas-as-inscricoes-para-o-ciclo-de-debates-fake-news-e-negacionismos-no-brasil-contemporaneo/" class="_self" target="_self" >Estão abertas as inscrições para o Ciclo de Debates: “Fake News e negacionismos no Brasil contemporâneo”.</a></h4>
<div class="pt-cv-content">A Direção do Campus de Aquidauana da Universidade Federal de Mato Grosso do Sul juntamente com o Grupo de Pesquisa ...</div>
<div class="pt-cv-rmwrap"><a href="https://cpaq.ufms.br/en/estao-abertas-as-inscricoes-para-o-ciclo-de-debates-fake-news-e-negacionismos-no-brasil-contemporaneo/" class="_self pt-cv-readmore btn btn-success" target="_self" >Leia Mais</a></div></div>
<div class=" pt-cv-content-item pt-cv-1-col" ><div class="pt-cv-thumb-wrapper  "><a href="https://cpaq.ufms.br/en/centro-cultural-tera-apresentacao-da-orquestra-de-violao-no-proximo-sabado/" class="_self pt-cv-href-thumbnail pt-cv-thumb-default" target="_self" ><img loading="lazy" decoding="async" width="300" height="225" src="https://cpaq.ufms.br/files/2024/10/WhatsApp-Image-2024-10-21-at-16.53.28-300x225.jpeg" class="pt-cv-thumbnail" alt="" /></a></div>
<h4 class="pt-cv-title"><a href="https://cpaq.ufms.br/en/centro-cultural-tera-apresentacao-da-orquestra-de-violao-no-proximo-sabado/" class="_self" target="_self" >Centro Cultural terá apresentação da Orquestra de Violão no próximo sábado</a></h4>
<div class="pt-cv-content">No próximo sábado, 26/10, às 18h, o Centro Cultural do Câmpus de Aquidauana terá uma apresentação da Orquestra de Violões ...</div>
<div class="pt-cv-rmwrap"><a href="https://cpaq.ufms.br/en/centro-cultural-tera-apresentacao-da-orquestra-de-violao-no-proximo-sabado/" class="_self pt-cv-readmore btn btn-success" target="_self" >Leia Mais</a></div></div></div></div> </div> 				</div>
				</div>
					</div>
				</div>
				</div>

<p>Centro Cultural terá apresentação da Orquestra de Violão no próximo sábado No próximo sábado, 26/10, às 18h, o Centro Cultural do Câmpus de Aquidauana terá uma apresentação da Orquestra de Violões &#8230; Leia Mais</p>
