{"id":35265,"date":"2024-11-12T07:23:42","date_gmt":"2024-11-12T11:23:42","guid":{"rendered":"https:\/\/cpaq.ufms.br\/?page_id=35265"},"modified":"2024-11-12T07:29:46","modified_gmt":"2024-11-12T11:29:46","slug":"centro-cultural-laboratorios","status":"publish","type":"page","link":"https:\/\/cpaq.ufms.br\/en\/centro-cultural\/centro-cultural-laboratorios\/","title":{"rendered":"Centro Cultural &#8211; Laborat\u00f3rios"},"content":{"rendered":"<div class=\"panel panel-info\"><div class=\"panel-heading\">Laborat\u00f3rio Manoel de Barros<\/div><div class=\"panel-body\">\n<p><a href=\"https:\/\/cpaq.ufms.br\/files\/2024\/10\/IMG-20240930-WA0029.jpg\"><img fetchpriority=\"high\" decoding=\"async\" class=\"aligncenter size-medium wp-image-35013\" src=\"https:\/\/cpaq.ufms.br\/files\/2024\/10\/IMG-20240930-WA0029-300x200.jpg\" alt=\"\" width=\"300\" height=\"200\" srcset=\"https:\/\/cpaq.ufms.br\/files\/2024\/10\/IMG-20240930-WA0029-300x200.jpg 300w, https:\/\/cpaq.ufms.br\/files\/2024\/10\/IMG-20240930-WA0029-1024x683.jpg 1024w, https:\/\/cpaq.ufms.br\/files\/2024\/10\/IMG-20240930-WA0029-768x512.jpg 768w, https:\/\/cpaq.ufms.br\/files\/2024\/10\/IMG-20240930-WA0029-480x320.jpg 480w, https:\/\/cpaq.ufms.br\/files\/2024\/10\/IMG-20240930-WA0029-350x233.jpg 350w, https:\/\/cpaq.ufms.br\/files\/2024\/10\/IMG-20240930-WA0029.jpg 1500w\" sizes=\"(max-width: 300px) 100vw, 300px\" \/><\/a><\/p>\n<p>Laborat\u00f3rio Manoel de Barros: Imagina\u00e7\u00e3o Infanto-Po\u00e9tica \u00e9 um nome que evoca a ess\u00eancia do trabalho do poeta. Ele sugere um espa\u00e7o de explora\u00e7\u00e3o e criatividade onde a vis\u00e3o infantil e po\u00e9tica s\u00e3o o foco central, refletindo a maneira como o Poeta Manoel de Barros celebra e investiga a pureza e a originalidade da inf\u00e2ncia por meio da poesia.<\/p>\n<p>A refer\u00eancia a Barros refor\u00e7a a conex\u00e3o com sua celebra\u00e7\u00e3o da pureza e originalidade da vis\u00e3o infantil, sugerindo um ambiente que valoriza e explora essas qualidades por meio das poesias. Al\u00e9m de capturar a ess\u00eancia da poesia do Poeta, o nome \u201cLaborat\u00f3rio Manoel de Barros: Imagina\u00e7\u00e3o Infanto-Po\u00e9tica\u201d tamb\u00e9m sugere v\u00e1rias dimens\u00f5es importantes:<\/p>\n<ol>\n<li>Experimenta\u00e7\u00e3o e Inova\u00e7\u00e3o: O termo \u201claborat\u00f3rio\u201d implica um espa\u00e7o de experimenta\u00e7\u00e3o e descoberta, onde diferentes formas de express\u00e3o po\u00e9tica e criativa podem ser exploradas e testadas;<\/li>\n<\/ol>\n<ol start=\"2\">\n<li>Inf\u00e2ncia e Pureza: \u201cImagina\u00e7\u00e3o Infanto-Po\u00e9tica\u201d enfatiza a perspectiva \u00fanica da inf\u00e2ncia, valorizando a pureza e a autenticidade da vis\u00e3o infantil que Barros frequentemente explora em suas obras;<\/li>\n<\/ol>\n<ol start=\"3\">\n<li>Foco na Imagina\u00e7\u00e3o: O nome ressalta a import\u00e2ncia da imagina\u00e7\u00e3o na poesia de Barros, destacando como ele utiliza a vis\u00e3o po\u00e9tica para explorar e transformar o cotidiano de maneira l\u00fadica e inovadora;<\/li>\n<\/ol>\n<ol start=\"4\">\n<li>Conex\u00e3o com a Natureza: Barros frequentemente integra elementos naturais em sua poesia, e o conceito de um laborat\u00f3rio pode sugerir um espa\u00e7o onde a rela\u00e7\u00e3o entre natureza e criatividade \u00e9 profundamente examinada e apreciada.<\/li>\n<\/ol>\n<p>Portanto, esse Laborat\u00f3rio, prop\u00f5e um ambiente que vai al\u00e9m da mera aprecia\u00e7\u00e3o da poesia, oferecendo um espa\u00e7o para investigar e experimentar com a imagina\u00e7\u00e3o e a criatividade infantil, alinhando-se com os temas centrais da obra de Manoel de Barros.<\/p>\n<p>Respons\u00e1vel T\u00e9cnico:\u00a0<strong>Profa. Dra. Janaina Nogueira Maia Carvalho<\/strong><\/p>\n<\/div><\/div>\n<div class=\"panel panel-info\"><div class=\"panel-heading\">Laborat\u00f3rio de Empreendedorismo Sociocultural<\/div><div class=\"panel-body\">\n<p>Foto<\/p>\n<p>Texto<\/p>\n<p>Respons\u00e1vel T\u00e9cnico: Nome<\/p>\n<p>T\u00e9cnico de laborat\u00f3rio: Nome<\/p>\n<p>Telefone: ()<\/p>\n<\/div><\/div>\n<div class=\"panel panel-info\"><div class=\"panel-heading\">Laborat\u00f3rio Espa\u00e7o de Mem\u00f3ria e Pesquisa Guerra do Paraguai \u2013 MBY\u00c1<\/div><div class=\"panel-body\">\n<p>Foto<\/p>\n<p>Texto<\/p>\n<p>Respons\u00e1vel T\u00e9cnico: Nome<\/p>\n<p>T\u00e9cnico de laborat\u00f3rio: Nome<\/p>\n<p>Telefone: ()<\/p>\n<\/div><\/div>\n<p style=\"font-weight: 400\">\n","protected":false},"excerpt":{"rendered":"","protected":false},"author":1449,"featured_media":35254,"parent":35241,"menu_order":0,"comment_status":"closed","ping_status":"closed","template":"page-templates\/page-coordenadorias.php","meta":{"footnotes":""},"coauthors":[],"class_list":["post-35265","page","type-page","status-publish","has-post-thumbnail","hentry"],"_links":{"self":[{"href":"https:\/\/cpaq.ufms.br\/en\/wp-json\/wp\/v2\/pages\/35265","targetHints":{"allow":["GET"]}}],"collection":[{"href":"https:\/\/cpaq.ufms.br\/en\/wp-json\/wp\/v2\/pages"}],"about":[{"href":"https:\/\/cpaq.ufms.br\/en\/wp-json\/wp\/v2\/types\/page"}],"author":[{"embeddable":true,"href":"https:\/\/cpaq.ufms.br\/en\/wp-json\/wp\/v2\/users\/1449"}],"replies":[{"embeddable":true,"href":"https:\/\/cpaq.ufms.br\/en\/wp-json\/wp\/v2\/comments?post=35265"}],"version-history":[{"count":3,"href":"https:\/\/cpaq.ufms.br\/en\/wp-json\/wp\/v2\/pages\/35265\/revisions"}],"predecessor-version":[{"id":35269,"href":"https:\/\/cpaq.ufms.br\/en\/wp-json\/wp\/v2\/pages\/35265\/revisions\/35269"}],"up":[{"embeddable":true,"href":"https:\/\/cpaq.ufms.br\/en\/wp-json\/wp\/v2\/pages\/35241"}],"wp:featuredmedia":[{"embeddable":true,"href":"https:\/\/cpaq.ufms.br\/en\/wp-json\/wp\/v2\/media\/35254"}],"wp:attachment":[{"href":"https:\/\/cpaq.ufms.br\/en\/wp-json\/wp\/v2\/media?parent=35265"}],"wp:term":[{"taxonomy":"author","embeddable":true,"href":"https:\/\/cpaq.ufms.br\/en\/wp-json\/wp\/v2\/coauthors?post=35265"}],"curies":[{"name":"wp","href":"https:\/\/api.w.org\/{rel}","templated":true}]}}

Centro Cultural &#8211; Laboratórios

<div class="panel panel-info"><div class="panel-heading">Laboratório Manoel de Barros</div><div class="panel-body">
<p><a href="https://cpaq.ufms.br/files/2024/10/IMG-20240930-WA0029.jpg"><img fetchpriority="high" decoding="async" class="aligncenter size-medium wp-image-35013" src="https://cpaq.ufms.br/files/2024/10/IMG-20240930-WA0029-300x200.jpg" alt="" width="300" height="200" srcset="https://cpaq.ufms.br/files/2024/10/IMG-20240930-WA0029-300x200.jpg 300w, https://cpaq.ufms.br/files/2024/10/IMG-20240930-WA0029-1024x683.jpg 1024w, https://cpaq.ufms.br/files/2024/10/IMG-20240930-WA0029-768x512.jpg 768w, https://cpaq.ufms.br/files/2024/10/IMG-20240930-WA0029-480x320.jpg 480w, https://cpaq.ufms.br/files/2024/10/IMG-20240930-WA0029-350x233.jpg 350w, https://cpaq.ufms.br/files/2024/10/IMG-20240930-WA0029.jpg 1500w" sizes="(max-width: 300px) 100vw, 300px" /></a></p>
<p>Laboratório Manoel de Barros: Imaginação Infanto-Poética é um nome que evoca a essência do trabalho do poeta. Ele sugere um espaço de exploração e criatividade onde a visão infantil e poética são o foco central, refletindo a maneira como o Poeta Manoel de Barros celebra e investiga a pureza e a originalidade da infância por meio da poesia.</p>
<p>A referência a Barros reforça a conexão com sua celebração da pureza e originalidade da visão infantil, sugerindo um ambiente que valoriza e explora essas qualidades por meio das poesias. Além de capturar a essência da poesia do Poeta, o nome “Laboratório Manoel de Barros: Imaginação Infanto-Poética” também sugere várias dimensões importantes:</p>
<ol>
<li>Experimentação e Inovação: O termo “laboratório” implica um espaço de experimentação e descoberta, onde diferentes formas de expressão poética e criativa podem ser exploradas e testadas;</li>
</ol>
<ol start="2">
<li>Infância e Pureza: “Imaginação Infanto-Poética” enfatiza a perspectiva única da infância, valorizando a pureza e a autenticidade da visão infantil que Barros frequentemente explora em suas obras;</li>
</ol>
<ol start="3">
<li>Foco na Imaginação: O nome ressalta a importância da imaginação na poesia de Barros, destacando como ele utiliza a visão poética para explorar e transformar o cotidiano de maneira lúdica e inovadora;</li>
</ol>
<ol start="4">
<li>Conexão com a Natureza: Barros frequentemente integra elementos naturais em sua poesia, e o conceito de um laboratório pode sugerir um espaço onde a relação entre natureza e criatividade é profundamente examinada e apreciada.</li>
</ol>
<p>Portanto, esse Laboratório, propõe um ambiente que vai além da mera apreciação da poesia, oferecendo um espaço para investigar e experimentar com a imaginação e a criatividade infantil, alinhando-se com os temas centrais da obra de Manoel de Barros.</p>
<p>Responsável Técnico: <strong>Profa. Dra. Janaina Nogueira Maia Carvalho</strong></p>
</div></div>
<div class="panel panel-info"><div class="panel-heading">Laboratório de Empreendedorismo Sociocultural</div><div class="panel-body">
<p>Foto</p>
<p>Texto</p>
<p>Responsável Técnico: Nome</p>
<p>Técnico de laboratório: Nome</p>
<p>Telefone: ()</p>
</div></div>
<div class="panel panel-info"><div class="panel-heading">Laboratório Espaço de Memória e Pesquisa Guerra do Paraguai – MBYÁ</div><div class="panel-body">
<p>Foto</p>
<p>Texto</p>
<p>Responsável Técnico: Nome</p>
<p>Técnico de laboratório: Nome</p>
<p>Telefone: ()</p>
</div></div>
<p style="font-weight: 400">
