{"id":33571,"date":"2023-11-28T14:47:29","date_gmt":"2023-11-28T18:47:29","guid":{"rendered":"https:\/\/cpaq.ufms.br\/?page_id=33571"},"modified":"2023-11-30T16:37:50","modified_gmt":"2023-11-30T20:37:50","slug":"pedagogia-indigena-historico-do-curso","status":"publish","type":"page","link":"https:\/\/cpaq.ufms.br\/en\/pedagogia-indigena\/pedagogia-indigena-historico-do-curso\/","title":{"rendered":"Pedagogia Ind\u00edgena &#8211; Hist\u00f3rico do Curso"},"content":{"rendered":"<h2 data-uw-styling-context=\"true\">HIST\u00d3RICO<\/h2>\n<address data-uw-styling-context=\"true\">O curso de Pedagogia Intercultural Ind\u00edgena foi elaborado e ser\u00e1 implantado em 2024 para atender \u00e0 demanda de forma\u00e7\u00e3o de professores ind\u00edgenas para a Educa\u00e7\u00e3o Infantil e as s\u00e9ries iniciais (1 a 5) do Ensino Fundamental, garantindo a especificidade dos conte\u00fados voltados para as necessidades das escolas ind\u00edgenas. A forma de ingresso do curso \u00e9 pelo Processo Seletivo Vestibular UFMS com comprova\u00e7\u00e3o de pertencimento ind\u00edgena, conforme procedimentos de cada Edital anual de ingresso.Dessa forma, a UFMS amplia a forma\u00e7\u00e3o de professores ind\u00edgenas para toda a Educa\u00e7\u00e3o B\u00e1sica, considerando que o curso de Licenciatura Intercultural Ind\u00edgena \u2013 Habilita\u00e7\u00e3o Linguagens forma para as s\u00e9ries finais do Ensino Fundamental e Ensino M\u00e9dio. Essa forma\u00e7\u00e3o ser\u00e1 tamb\u00e9m estendida, posteriormente, para as \u00e1reas de Ci\u00eancias Sociais, Ci\u00eancias da Natureza e Matem\u00e1tica.<\/address>\n<h2 data-uw-styling-context=\"true\">CARACTER\u00cdSTICAS GERAIS:<\/h2>\n<address data-uw-styling-context=\"true\">\n<ul>\n<li>O curso funciona na modalidade da Pedagogia da Altern\u00e2ncia com per\u00edodo letivo na Universidade \u2013 TEMPO UNIVERSIDADE e realiza\u00e7\u00e3o de atividades acad\u00eamicas nas comunidades ind\u00edgenas \u2013 TEMPO COMUNIDADE com acompanhamento nos P\u00f3los de Atendimento nos munic\u00edpios de Dois Irm\u00e3os do Buriti e Miranda.\n<ul>\n<li>Modalidade do curso (tipo de curso): Licenciatura<\/li>\n<li>T\u00edtulo acad\u00eamico conferido: licenciado em pedagogia intercultural ind\u00edgena<\/li>\n<li>Modalidade de ensino: pedagogia da altern\u00e2ncia<\/li>\n<li>Regime de matr\u00edcula: matr\u00edcula semestral por disciplinas.<\/li>\n<li>Tempo de dura\u00e7\u00e3o; UFMS: m\u00ednimo 8 semestres, m\u00e1ximo 12 semestres<\/li>\n<li>Carga hor\u00e1ria3.201 horas-aula<\/li>\n<li>N\u00famero de vagas: 50 (quarenta)<\/li>\n<li>N\u00famero de turmas: \u00a001<\/li>\n<li>Turno de funcionamento: \u00a0per\u00edodo integral e s\u00e1bado manh\u00e3 e tarde<\/li>\n<li>Local de funcionamento: Campus de Aquidauana\/CPAQ<\/li>\n<li>Forma de ingresso: vestibular UFMS<\/li>\n<\/ul>\n<\/li>\n<\/ul>\n<\/address>\n<h4 data-uw-styling-context=\"true\"><strong data-uw-styling-context=\"true\">PROFISS\u00c3O:\u00a0<\/strong><span style=\"color: #2c3e50\">Pedagogia Intercultural Ind\u00edgena<\/span><\/h4>\n<p data-uw-styling-context=\"true\"><strong data-uw-styling-context=\"true\">ATIVIDADES INERENTES: Magist\u00e9rio na Educa\u00e7\u00e3o Infantil\u00a0<\/strong><\/p>\n<p data-uw-styling-context=\"true\"><strong data-uw-styling-context=\"true\">\u00c1REAS DE ATUA\u00c7\u00c3O E EXERC\u00cdCIO PROFISSIONAL: <\/strong>Professor da Educa\u00e7\u00e3o Infantil e S\u00e9ries Iniciais (1 a 5) do Ensino Fundamental em escolas ind\u00edgenas<\/p>\n<p data-uw-styling-context=\"true\"><strong data-uw-styling-context=\"true\">FORMA\u00c7\u00c3O: <\/strong><span style=\"color: #2c3e50;background: white\">O curso de Licenciatura em Pedagogia Intercultural Ind\u00edgena destina-se \u00e0 forma\u00e7\u00e3o de professores ind\u00edgenas do Territ\u00f3rio Etnoeducacional Povos do Pantanal para exercer fun\u00e7\u00f5es de magist\u00e9rio na Educa\u00e7\u00e3o Infantil e nos anos iniciais do Ensino Fundamental, nos cursos de Ensino M\u00e9dio, na modalidade Normal, de Educa\u00e7\u00e3o Profissional na \u00e1rea de servi\u00e7os e apoio escolar e em outras \u00e1reas nas quais sejam previstos conhecimentos pedag\u00f3gicos em comunidades e institui\u00e7\u00f5es ind\u00edgenas e de apoio aos povos ind\u00edgenas.<\/span><\/p>\n<p data-uw-styling-context=\"true\">\n","protected":false},"excerpt":{"rendered":"<p>HIST\u00d3RICO O curso de Pedagogia Intercultural Ind\u00edgena foi elaborado e ser\u00e1 implantado em 2024 para atender \u00e0 demanda de forma\u00e7\u00e3o de professores ind\u00edgenas para a Educa\u00e7\u00e3o Infantil e as s\u00e9ries iniciais (1 a 5) do Ensino Fundamental, garantindo a especificidade dos conte\u00fados voltados para as necessidades das escolas ind\u00edgenas. A forma de ingresso do curso [&hellip;]<\/p>\n","protected":false},"author":1449,"featured_media":0,"parent":33565,"menu_order":0,"comment_status":"closed","ping_status":"closed","template":"page-templates\/page-coordenadorias.php","meta":{"footnotes":""},"coauthors":[],"class_list":["post-33571","page","type-page","status-publish","hentry"],"_links":{"self":[{"href":"https:\/\/cpaq.ufms.br\/en\/wp-json\/wp\/v2\/pages\/33571","targetHints":{"allow":["GET"]}}],"collection":[{"href":"https:\/\/cpaq.ufms.br\/en\/wp-json\/wp\/v2\/pages"}],"about":[{"href":"https:\/\/cpaq.ufms.br\/en\/wp-json\/wp\/v2\/types\/page"}],"author":[{"embeddable":true,"href":"https:\/\/cpaq.ufms.br\/en\/wp-json\/wp\/v2\/users\/1449"}],"replies":[{"embeddable":true,"href":"https:\/\/cpaq.ufms.br\/en\/wp-json\/wp\/v2\/comments?post=33571"}],"version-history":[{"count":5,"href":"https:\/\/cpaq.ufms.br\/en\/wp-json\/wp\/v2\/pages\/33571\/revisions"}],"predecessor-version":[{"id":33594,"href":"https:\/\/cpaq.ufms.br\/en\/wp-json\/wp\/v2\/pages\/33571\/revisions\/33594"}],"up":[{"embeddable":true,"href":"https:\/\/cpaq.ufms.br\/en\/wp-json\/wp\/v2\/pages\/33565"}],"wp:attachment":[{"href":"https:\/\/cpaq.ufms.br\/en\/wp-json\/wp\/v2\/media?parent=33571"}],"wp:term":[{"taxonomy":"author","embeddable":true,"href":"https:\/\/cpaq.ufms.br\/en\/wp-json\/wp\/v2\/coauthors?post=33571"}],"curies":[{"name":"wp","href":"https:\/\/api.w.org\/{rel}","templated":true}]}}

Pedagogia Indígena &#8211; Histórico do Curso

<h2 data-uw-styling-context="true">HISTÓRICO</h2>
<address data-uw-styling-context="true">O curso de Pedagogia Intercultural Indígena foi elaborado e será implantado em 2024 para atender à demanda de formação de professores indígenas para a Educação Infantil e as séries iniciais (1 a 5) do Ensino Fundamental, garantindo a especificidade dos conteúdos voltados para as necessidades das escolas indígenas. A forma de ingresso do curso é pelo Processo Seletivo Vestibular UFMS com comprovação de pertencimento indígena, conforme procedimentos de cada Edital anual de ingresso.Dessa forma, a UFMS amplia a formação de professores indígenas para toda a Educação Básica, considerando que o curso de Licenciatura Intercultural Indígena – Habilitação Linguagens forma para as séries finais do Ensino Fundamental e Ensino Médio. Essa formação será também estendida, posteriormente, para as áreas de Ciências Sociais, Ciências da Natureza e Matemática.</address>
<h2 data-uw-styling-context="true">CARACTERÍSTICAS GERAIS:</h2>
<address data-uw-styling-context="true">
<ul>
<li>O curso funciona na modalidade da Pedagogia da Alternância com período letivo na Universidade – TEMPO UNIVERSIDADE e realização de atividades acadêmicas nas comunidades indígenas – TEMPO COMUNIDADE com acompanhamento nos Pólos de Atendimento nos municípios de Dois Irmãos do Buriti e Miranda.
<ul>
<li>Modalidade do curso (tipo de curso): Licenciatura</li>
<li>Título acadêmico conferido: licenciado em pedagogia intercultural indígena</li>
<li>Modalidade de ensino: pedagogia da alternância</li>
<li>Regime de matrícula: matrícula semestral por disciplinas.</li>
<li>Tempo de duração; UFMS: mínimo 8 semestres, máximo 12 semestres</li>
<li>Carga horária3.201 horas-aula</li>
<li>Número de vagas: 50 (quarenta)</li>
<li>Número de turmas:  01</li>
<li>Turno de funcionamento:  período integral e sábado manhã e tarde</li>
<li>Local de funcionamento: Campus de Aquidauana/CPAQ</li>
<li>Forma de ingresso: vestibular UFMS</li>
</ul>
</li>
</ul>
</address>
<h4 data-uw-styling-context="true"><strong data-uw-styling-context="true">PROFISSÃO: </strong><span style="color: #2c3e50">Pedagogia Intercultural Indígena</span></h4>
<p data-uw-styling-context="true"><strong data-uw-styling-context="true">ATIVIDADES INERENTES: Magistério na Educação Infantil </strong></p>
<p data-uw-styling-context="true"><strong data-uw-styling-context="true">ÁREAS DE ATUAÇÃO E EXERCÍCIO PROFISSIONAL: </strong>Professor da Educação Infantil e Séries Iniciais (1 a 5) do Ensino Fundamental em escolas indígenas</p>
<p data-uw-styling-context="true"><strong data-uw-styling-context="true">FORMAÇÃO: </strong><span style="color: #2c3e50;background: white">O curso de Licenciatura em Pedagogia Intercultural Indígena destina-se à formação de professores indígenas do Território Etnoeducacional Povos do Pantanal para exercer funções de magistério na Educação Infantil e nos anos iniciais do Ensino Fundamental, nos cursos de Ensino Médio, na modalidade Normal, de Educação Profissional na área de serviços e apoio escolar e em outras áreas nas quais sejam previstos conhecimentos pedagógicos em comunidades e instituições indígenas e de apoio aos povos indígenas.</span></p>
<p data-uw-styling-context="true">

<p>HISTÓRICO O curso de Pedagogia Intercultural Indígena foi elaborado e será implantado em 2024 para atender à demanda de formação de professores indígenas para a Educação Infantil e as séries iniciais (1 a 5) do Ensino Fundamental, garantindo a especificidade dos conteúdos voltados para as necessidades das escolas indígenas. A forma de ingresso do curso [&hellip;]</p>
