{"id":33568,"date":"2023-11-28T14:40:53","date_gmt":"2023-11-28T18:40:53","guid":{"rendered":"https:\/\/cpaq.ufms.br\/?page_id=33568"},"modified":"2025-07-15T15:02:18","modified_gmt":"2025-07-15T19:02:18","slug":"pedagogia-indigena-documentos-curso","status":"publish","type":"page","link":"https:\/\/cpaq.ufms.br\/en\/pedagogia-indigena\/pedagogia-indigena-documentos-curso\/","title":{"rendered":"Pedagogia Intercultural Ind\u00edgena &#8211; Documentos"},"content":{"rendered":"<div class=\"panel panel-info\"><div class=\"panel-heading\">Documentos<\/div><div class=\"panel-body\">\n<p data-uw-styling-context=\"true\"><a href=\"https:\/\/drive.google.com\/file\/d\/1tmIDnWa3zIWROgjtBQzX0VwJljyd6GUT\/view?usp=sharing\">PROJETO PEDAG\u00d3GICO DO CURSO DE PEDAGOGIA INTERCULTURAL IND\u00cdGENA<\/a><\/p>\n<p data-uw-styling-context=\"true\">MANUAL DE ELABORA\u00c7\u00c3O DE TCC E DISSERTA\u00c7\u00d5ES<\/p>\n<p data-uw-styling-context=\"true\">CRONOGRAMA DE APRESENTA\u00c7\u00d5ES DE TCC<\/p>\n<\/div><\/div>\n<div class=\"panel panel-info\"><div class=\"panel-heading\">Est\u00e1gio<\/div><div class=\"panel-body\">\n<p data-uw-styling-context=\"true\">INSTRU\u00c7\u00d5ES DE EST\u00c1GIO<\/p>\n<p data-uw-styling-context=\"true\">REGULAMENTO DE EST\u00c1GIO DO CURSO DE PEDAGOGIA INTERCULTURAL IND\u00cdGENA<\/p>\n<p data-uw-styling-context=\"true\">PLANO DE ATIVIDADES DO ESTAGI\u00c1RIO<\/p>\n<p data-uw-styling-context=\"true\">RELAT\u00d3RIO DE EST\u00c1GIO<\/p>\n<\/div><\/div>\n<div class=\"panel panel-info\"><div class=\"panel-heading\">Formul\u00e1rios<\/div><div class=\"panel-body\">\n<p>ACEITE: ORIENTA\u00c7\u00c3O DE TCC<\/p>\n<p data-uw-styling-context=\"true\">TABELA DE ATIVIDADES COMPLEMENTARES<\/p>\n<\/div><\/div>\n<div class=\"panel panel-info\"><div class=\"panel-heading\">Regulamentos<\/div><div class=\"panel-body\">\n<p data-uw-styling-context=\"true\">REGULAMENTO DE TRABALHO DE CONCLUS\u00c3O DE CURSO de PEDAGOGIA IND\u00cdGENA<\/p>\n<p data-uw-styling-context=\"true\">REGULAMENTO DE EST\u00c1GIO N\u00c3O OBRIGAT\u00d3RIO DO CURSO DE PEDAGOGIA IND\u00cdGENA<\/p>\n<\/div><\/div>\n<p data-uw-styling-context=\"true\">\n","protected":false},"excerpt":{"rendered":"","protected":false},"author":1449,"featured_media":0,"parent":33565,"menu_order":0,"comment_status":"closed","ping_status":"closed","template":"page-templates\/page-coordenadorias.php","meta":{"footnotes":""},"coauthors":[79],"class_list":["post-33568","page","type-page","status-publish","hentry"],"_links":{"self":[{"href":"https:\/\/cpaq.ufms.br\/en\/wp-json\/wp\/v2\/pages\/33568","targetHints":{"allow":["GET"]}}],"collection":[{"href":"https:\/\/cpaq.ufms.br\/en\/wp-json\/wp\/v2\/pages"}],"about":[{"href":"https:\/\/cpaq.ufms.br\/en\/wp-json\/wp\/v2\/types\/page"}],"author":[{"embeddable":true,"href":"https:\/\/cpaq.ufms.br\/en\/wp-json\/wp\/v2\/users\/1449"}],"replies":[{"embeddable":true,"href":"https:\/\/cpaq.ufms.br\/en\/wp-json\/wp\/v2\/comments?post=33568"}],"version-history":[{"count":4,"href":"https:\/\/cpaq.ufms.br\/en\/wp-json\/wp\/v2\/pages\/33568\/revisions"}],"predecessor-version":[{"id":37548,"href":"https:\/\/cpaq.ufms.br\/en\/wp-json\/wp\/v2\/pages\/33568\/revisions\/37548"}],"up":[{"embeddable":true,"href":"https:\/\/cpaq.ufms.br\/en\/wp-json\/wp\/v2\/pages\/33565"}],"wp:attachment":[{"href":"https:\/\/cpaq.ufms.br\/en\/wp-json\/wp\/v2\/media?parent=33568"}],"wp:term":[{"taxonomy":"author","embeddable":true,"href":"https:\/\/cpaq.ufms.br\/en\/wp-json\/wp\/v2\/coauthors?post=33568"}],"curies":[{"name":"wp","href":"https:\/\/api.w.org\/{rel}","templated":true}]}}

Pedagogia Intercultural Indígena &#8211; Documentos

<div class="panel panel-info"><div class="panel-heading">Documentos</div><div class="panel-body">
<p data-uw-styling-context="true"><a href="https://drive.google.com/file/d/1tmIDnWa3zIWROgjtBQzX0VwJljyd6GUT/view?usp=sharing">PROJETO PEDAGÓGICO DO CURSO DE PEDAGOGIA INTERCULTURAL INDÍGENA</a></p>
<p data-uw-styling-context="true">MANUAL DE ELABORAÇÃO DE TCC E DISSERTAÇÕES</p>
<p data-uw-styling-context="true">CRONOGRAMA DE APRESENTAÇÕES DE TCC</p>
</div></div>
<div class="panel panel-info"><div class="panel-heading">Estágio</div><div class="panel-body">
<p data-uw-styling-context="true">INSTRUÇÕES DE ESTÁGIO</p>
<p data-uw-styling-context="true">REGULAMENTO DE ESTÁGIO DO CURSO DE PEDAGOGIA INTERCULTURAL INDÍGENA</p>
<p data-uw-styling-context="true">PLANO DE ATIVIDADES DO ESTAGIÁRIO</p>
<p data-uw-styling-context="true">RELATÓRIO DE ESTÁGIO</p>
</div></div>
<div class="panel panel-info"><div class="panel-heading">Formulários</div><div class="panel-body">
<p>ACEITE: ORIENTAÇÃO DE TCC</p>
<p data-uw-styling-context="true">TABELA DE ATIVIDADES COMPLEMENTARES</p>
</div></div>
<div class="panel panel-info"><div class="panel-heading">Regulamentos</div><div class="panel-body">
<p data-uw-styling-context="true">REGULAMENTO DE TRABALHO DE CONCLUSÃO DE CURSO de PEDAGOGIA INDÍGENA</p>
<p data-uw-styling-context="true">REGULAMENTO DE ESTÁGIO NÃO OBRIGATÓRIO DO CURSO DE PEDAGOGIA INDÍGENA</p>
</div></div>
<p data-uw-styling-context="true">
