{"id":33485,"date":"2023-11-23T16:23:09","date_gmt":"2023-11-23T20:23:09","guid":{"rendered":"https:\/\/cpaq.ufms.br\/?page_id=33485"},"modified":"2023-11-28T14:09:32","modified_gmt":"2023-11-28T18:09:32","slug":"licenciatura-indigena-laboratorios-do-curso","status":"publish","type":"page","link":"https:\/\/cpaq.ufms.br\/en\/licenciatura-indigena\/licenciatura-indigena-laboratorios-do-curso\/","title":{"rendered":"Licenciatura Ind\u00edgena &#8211; Laborat\u00f3rios do Curso"},"content":{"rendered":"<div class=\"panel panel-info\"><div class=\"panel-heading\">Laborat\u00f3rios do Curso de Licenciatura Ind\u00edgena<\/div><div class=\"panel-body\">\n<div class=\"alert alert-info\"> Laborat\u00f3rio de Estudos Interculturais Ind\u00edgenas \u201cPovos do Pantanal\u201d <\/div>\n<p style=\"text-align: center\"><a href=\"https:\/\/cpaq.ufms.br\/files\/2023\/11\/image1.png\"><img fetchpriority=\"high\" decoding=\"async\" class=\"alignnone wp-image-33506\" src=\"https:\/\/cpaq.ufms.br\/files\/2023\/11\/image1-300x265.png\" alt=\"\" width=\"500\" height=\"442\" srcset=\"https:\/\/cpaq.ufms.br\/files\/2023\/11\/image1-300x265.png 300w, https:\/\/cpaq.ufms.br\/files\/2023\/11\/image1-362x320.png 362w, https:\/\/cpaq.ufms.br\/files\/2023\/11\/image1.png 438w\" sizes=\"(max-width: 500px) 100vw, 500px\" \/><\/a><\/p>\n<p>O Laborat\u00f3rio de Estudos Interculturais Ind\u00edgenas \u201cPovos do Pantanal\u201d tem como objetivo o desenvolvimento de pesquisas relacionadas aos povos ind\u00edgenas do Pantanal e o atendimento aos discentes do curso de Licenciatura Intercultural Ind\u00edgena. A partir de 2024 atender\u00e1 tamb\u00e9m os discentes do curso a ser implantado de Pedagogia Intercultural Ind\u00edgena.<\/p>\n<p>Atualmente encontra-se em andamento o Projeto de Pesquisa <strong>\u201cO Ensino de L\u00ednguas no Territ\u00f3rio Etnoeducacional Povos do Pantanal\u201d <\/strong>sob a coordena\u00e7\u00e3o da Profa. Dra. Onilda Sanches Nincao. A partir de 2024 ser\u00e1 agregado o Projeto de Pesquisa <strong>\u201cDicion\u00e1rio Escolar da L\u00edngua Terena\u201d, <\/strong>sob a coordena\u00e7\u00e3o do Prof. Dr. Auri Claudionei Matos Frubel.<\/p>\n<p>Respons\u00e1vel T\u00e9cnico:\u00a0<strong>Onilda Sanches Nincao<\/strong><\/p>\n<p>T\u00e9cnico de laborat\u00f3rio: Nome<\/p>\n<p>Telefone: (67) 3241-0312 \u2013 ramal 2312<\/p>\n<hr \/>\n<\/div><\/div>\n","protected":false},"excerpt":{"rendered":"","protected":false},"author":1449,"featured_media":0,"parent":2559,"menu_order":0,"comment_status":"closed","ping_status":"closed","template":"page-templates\/page-coordenadorias.php","meta":{"footnotes":""},"coauthors":[],"class_list":["post-33485","page","type-page","status-publish","hentry"],"_links":{"self":[{"href":"https:\/\/cpaq.ufms.br\/en\/wp-json\/wp\/v2\/pages\/33485","targetHints":{"allow":["GET"]}}],"collection":[{"href":"https:\/\/cpaq.ufms.br\/en\/wp-json\/wp\/v2\/pages"}],"about":[{"href":"https:\/\/cpaq.ufms.br\/en\/wp-json\/wp\/v2\/types\/page"}],"author":[{"embeddable":true,"href":"https:\/\/cpaq.ufms.br\/en\/wp-json\/wp\/v2\/users\/1449"}],"replies":[{"embeddable":true,"href":"https:\/\/cpaq.ufms.br\/en\/wp-json\/wp\/v2\/comments?post=33485"}],"version-history":[{"count":3,"href":"https:\/\/cpaq.ufms.br\/en\/wp-json\/wp\/v2\/pages\/33485\/revisions"}],"predecessor-version":[{"id":33507,"href":"https:\/\/cpaq.ufms.br\/en\/wp-json\/wp\/v2\/pages\/33485\/revisions\/33507"}],"up":[{"embeddable":true,"href":"https:\/\/cpaq.ufms.br\/en\/wp-json\/wp\/v2\/pages\/2559"}],"wp:attachment":[{"href":"https:\/\/cpaq.ufms.br\/en\/wp-json\/wp\/v2\/media?parent=33485"}],"wp:term":[{"taxonomy":"author","embeddable":true,"href":"https:\/\/cpaq.ufms.br\/en\/wp-json\/wp\/v2\/coauthors?post=33485"}],"curies":[{"name":"wp","href":"https:\/\/api.w.org\/{rel}","templated":true}]}}

Licenciatura Indígena &#8211; Laboratórios do Curso

<div class="panel panel-info"><div class="panel-heading">Laboratórios do Curso de Licenciatura Indígena</div><div class="panel-body">
<div class="alert alert-info"> Laboratório de Estudos Interculturais Indígenas “Povos do Pantanal” </div>
<p style="text-align: center"><a href="https://cpaq.ufms.br/files/2023/11/image1.png"><img fetchpriority="high" decoding="async" class="alignnone wp-image-33506" src="https://cpaq.ufms.br/files/2023/11/image1-300x265.png" alt="" width="500" height="442" srcset="https://cpaq.ufms.br/files/2023/11/image1-300x265.png 300w, https://cpaq.ufms.br/files/2023/11/image1-362x320.png 362w, https://cpaq.ufms.br/files/2023/11/image1.png 438w" sizes="(max-width: 500px) 100vw, 500px" /></a></p>
<p>O Laboratório de Estudos Interculturais Indígenas “Povos do Pantanal” tem como objetivo o desenvolvimento de pesquisas relacionadas aos povos indígenas do Pantanal e o atendimento aos discentes do curso de Licenciatura Intercultural Indígena. A partir de 2024 atenderá também os discentes do curso a ser implantado de Pedagogia Intercultural Indígena.</p>
<p>Atualmente encontra-se em andamento o Projeto de Pesquisa <strong>“O Ensino de Línguas no Território Etnoeducacional Povos do Pantanal” </strong>sob a coordenação da Profa. Dra. Onilda Sanches Nincao. A partir de 2024 será agregado o Projeto de Pesquisa <strong>“Dicionário Escolar da Língua Terena”, </strong>sob a coordenação do Prof. Dr. Auri Claudionei Matos Frubel.</p>
<p>Responsável Técnico: <strong>Onilda Sanches Nincao</strong></p>
<p>Técnico de laboratório: Nome</p>
<p>Telefone: (67) 3241-0312 – ramal 2312</p>
<hr />
</div></div>
