{"id":32728,"date":"2023-05-22T07:38:38","date_gmt":"2023-05-22T11:38:38","guid":{"rendered":"https:\/\/cpaq.ufms.br\/?page_id=32728"},"modified":"2023-05-22T07:38:53","modified_gmt":"2023-05-22T11:38:53","slug":"letras-historico","status":"publish","type":"page","link":"https:\/\/cpaq.ufms.br\/en\/letras\/letras-historico\/","title":{"rendered":"Letras &#8211; Hist\u00f3rico"},"content":{"rendered":"<h2 data-uw-styling-context=\"true\">HIST\u00d3RICO<\/h2>\n<address data-uw-styling-context=\"true\">O curso de Letras do CPAQ\/UFMS foi implantado no primeiro semestre de 1971, apenas com a Licenciatura Curta em Portugu\u00eas\/Literatura e Portugu\u00eas\/Ingl\u00eas. Inicialmente o Curso instalou-se no pr\u00e9dio da Escola Estadual CEJAR. Sentindo-se a necessidade de expandir o conhecimento e capacitar profissionais em mais uma l\u00edngua estrangeira, e tamb\u00e9m preocupado com o Mercosul, que exige dos cidad\u00e3os conhecimento da l\u00edngua espanhola, o Colegiado do Curso de Letras sugeriu que se implantasse a Licenciatura Portugu\u00eas\/Espanhol, o que foi acatado atrav\u00e9s da Resolu\u00e7\u00e3o da C\u00e2mara de Ensino n\u00ba 202, de 13\/07\/2001. J\u00e1 em 2018, considerando a maior procura pelas licenciaturas em l\u00edngua estrangeira, o Colegiado concordou em fechar a Licenciatura em Portugu\u00eas\/Literatura, o que foi oficializado pela Resolu\u00e7\u00e3o COUN n\u00ba84, de 3 de setembro de 2018. Apesar de o curso de Letras n\u00e3o contar com p\u00f3s-gradua\u00e7\u00e3o, alguns professores do quadro ministram disciplinas e orientam alunos no Mestrado em Estudos Culturais, sediado no pr\u00f3prio Campus de Aquidauana, e no Mestrado em Letras, sediado em Tr\u00eas Lagoas. Ao longo dos anos, o curso de Letras vem oferecendo, paralelamente \u00e0s disciplinas, projetos de extens\u00e3o que: a) atendem \u00e0s escolas p\u00fablicas ou particulares; b) atendem \u00e0 comunidade ind\u00edgena, as Escolas Pantaneiras e demais comunidades; projetos voltados para a comunidade em geral, como os cursos de ingl\u00eas e espanhol, literatura de l\u00edngua inglesa e hisp\u00e2nica, leitura de obras liter\u00e1rias, al\u00e9m de outros projetos que abordam a cultura diversificada, tais como cinema, realiza\u00e7\u00e3o de viagens e exposi\u00e7\u00f5es. Al\u00e9m disso, os projetos de ensino que s\u00e3o oferecidos aos acad\u00eamicos do curso t\u00eam o objetivo de ampliar seu universo de conhecimento lingu\u00edstico e liter\u00e1rio e as diversas formas do saber. Contamos tamb\u00e9m com projetos de pesquisa, que envolvem os alunos do curso e os iniciam na pesquisa acad\u00eamica.<\/address>\n<p><strong>Caracter\u00edsticas\u00a0gerais do curso<\/strong><\/p>\n<p><strong>Carga hor\u00e1ria:\u00a0<\/strong><\/p>\n<p>3260h para Portugu\u00eas\/Ingl\u00eas<\/p>\n<p>3260h para Portugu\u00eas\/Espanhol<\/p>\n<p><strong>Dura\u00e7\u00e3o:\u00a0<\/strong>8 semestres, podendo estender-se por mais 4 semestres<strong>.<\/strong><\/p>\n<p><strong>Vagas dispon\u00edveis:<\/strong>\u00a030 por ano, para cada habilita\u00e7\u00e3o.<\/p>\n<p><strong>Entrada:<\/strong>\u00a0no 1\u00ba semestre.<\/p>\n<p><strong>Turno:<\/strong>\u00a0noturno.<\/p>\n<p><strong>PROFISS\u00c3O: <\/strong>Professor de l\u00edngua portuguesa, literatura e espanhol\/ingl\u00eas dos anos finais do Ensino Fundamental e do Ensino M\u00e9dio<\/p>\n<p><strong>ATIVIDADES INERENTES: <\/strong>Ensino de l\u00edngua portuguesa e de l\u00edngua espanhola ou inglesa e suas respectivas literaturas<\/p>\n<p>\u00c1REAS DE ATUA\u00c7\u00c3O E EXERC\u00cdCIO PROFISSIONAL:\u00a0Escolas de Educa\u00e7\u00e3o B\u00e1sica<\/p>\n","protected":false},"excerpt":{"rendered":"<p>HIST\u00d3RICO O curso de Letras do CPAQ\/UFMS foi implantado no primeiro semestre de 1971, apenas com a Licenciatura Curta em Portugu\u00eas\/Literatura e Portugu\u00eas\/Ingl\u00eas. Inicialmente o Curso instalou-se no pr\u00e9dio da Escola Estadual CEJAR. Sentindo-se a necessidade de expandir o conhecimento e capacitar profissionais em mais uma l\u00edngua estrangeira, e tamb\u00e9m preocupado com o Mercosul, que [&hellip;]<\/p>\n","protected":false},"author":1449,"featured_media":0,"parent":32692,"menu_order":0,"comment_status":"closed","ping_status":"closed","template":"page-templates\/page-coordenadorias.php","meta":{"footnotes":""},"coauthors":[],"class_list":["post-32728","page","type-page","status-publish","hentry"],"_links":{"self":[{"href":"https:\/\/cpaq.ufms.br\/en\/wp-json\/wp\/v2\/pages\/32728","targetHints":{"allow":["GET"]}}],"collection":[{"href":"https:\/\/cpaq.ufms.br\/en\/wp-json\/wp\/v2\/pages"}],"about":[{"href":"https:\/\/cpaq.ufms.br\/en\/wp-json\/wp\/v2\/types\/page"}],"author":[{"embeddable":true,"href":"https:\/\/cpaq.ufms.br\/en\/wp-json\/wp\/v2\/users\/1449"}],"replies":[{"embeddable":true,"href":"https:\/\/cpaq.ufms.br\/en\/wp-json\/wp\/v2\/comments?post=32728"}],"version-history":[{"count":1,"href":"https:\/\/cpaq.ufms.br\/en\/wp-json\/wp\/v2\/pages\/32728\/revisions"}],"predecessor-version":[{"id":32729,"href":"https:\/\/cpaq.ufms.br\/en\/wp-json\/wp\/v2\/pages\/32728\/revisions\/32729"}],"up":[{"embeddable":true,"href":"https:\/\/cpaq.ufms.br\/en\/wp-json\/wp\/v2\/pages\/32692"}],"wp:attachment":[{"href":"https:\/\/cpaq.ufms.br\/en\/wp-json\/wp\/v2\/media?parent=32728"}],"wp:term":[{"taxonomy":"author","embeddable":true,"href":"https:\/\/cpaq.ufms.br\/en\/wp-json\/wp\/v2\/coauthors?post=32728"}],"curies":[{"name":"wp","href":"https:\/\/api.w.org\/{rel}","templated":true}]}}

Letras &#8211; Histórico

<h2 data-uw-styling-context="true">HISTÓRICO</h2>
<address data-uw-styling-context="true">O curso de Letras do CPAQ/UFMS foi implantado no primeiro semestre de 1971, apenas com a Licenciatura Curta em Português/Literatura e Português/Inglês. Inicialmente o Curso instalou-se no prédio da Escola Estadual CEJAR. Sentindo-se a necessidade de expandir o conhecimento e capacitar profissionais em mais uma língua estrangeira, e também preocupado com o Mercosul, que exige dos cidadãos conhecimento da língua espanhola, o Colegiado do Curso de Letras sugeriu que se implantasse a Licenciatura Português/Espanhol, o que foi acatado através da Resolução da Câmara de Ensino nº 202, de 13/07/2001. Já em 2018, considerando a maior procura pelas licenciaturas em língua estrangeira, o Colegiado concordou em fechar a Licenciatura em Português/Literatura, o que foi oficializado pela Resolução COUN nº84, de 3 de setembro de 2018. Apesar de o curso de Letras não contar com pós-graduação, alguns professores do quadro ministram disciplinas e orientam alunos no Mestrado em Estudos Culturais, sediado no próprio Campus de Aquidauana, e no Mestrado em Letras, sediado em Três Lagoas. Ao longo dos anos, o curso de Letras vem oferecendo, paralelamente às disciplinas, projetos de extensão que: a) atendem às escolas públicas ou particulares; b) atendem à comunidade indígena, as Escolas Pantaneiras e demais comunidades; projetos voltados para a comunidade em geral, como os cursos de inglês e espanhol, literatura de língua inglesa e hispânica, leitura de obras literárias, além de outros projetos que abordam a cultura diversificada, tais como cinema, realização de viagens e exposições. Além disso, os projetos de ensino que são oferecidos aos acadêmicos do curso têm o objetivo de ampliar seu universo de conhecimento linguístico e literário e as diversas formas do saber. Contamos também com projetos de pesquisa, que envolvem os alunos do curso e os iniciam na pesquisa acadêmica.</address>
<p><strong>Características gerais do curso</strong></p>
<p><strong>Carga horária: </strong></p>
<p>3260h para Português/Inglês</p>
<p>3260h para Português/Espanhol</p>
<p><strong>Duração: </strong>8 semestres, podendo estender-se por mais 4 semestres<strong>.</strong></p>
<p><strong>Vagas disponíveis:</strong> 30 por ano, para cada habilitação.</p>
<p><strong>Entrada:</strong> no 1º semestre.</p>
<p><strong>Turno:</strong> noturno.</p>
<p><strong>PROFISSÃO: </strong>Professor de língua portuguesa, literatura e espanhol/inglês dos anos finais do Ensino Fundamental e do Ensino Médio</p>
<p><strong>ATIVIDADES INERENTES: </strong>Ensino de língua portuguesa e de língua espanhola ou inglesa e suas respectivas literaturas</p>
<p>ÁREAS DE ATUAÇÃO E EXERCÍCIO PROFISSIONAL: Escolas de Educação Básica</p>

<p>HISTÓRICO O curso de Letras do CPAQ/UFMS foi implantado no primeiro semestre de 1971, apenas com a Licenciatura Curta em Português/Literatura e Português/Inglês. Inicialmente o Curso instalou-se no prédio da Escola Estadual CEJAR. Sentindo-se a necessidade de expandir o conhecimento e capacitar profissionais em mais uma língua estrangeira, e também preocupado com o Mercosul, que [&hellip;]</p>
