{"id":31817,"date":"2022-10-07T09:32:32","date_gmt":"2022-10-07T13:32:32","guid":{"rendered":"https:\/\/cpaq.ufms.br\/?page_id=31817"},"modified":"2022-10-17T07:46:27","modified_gmt":"2022-10-17T11:46:27","slug":"pedagogia-sobre-o-curso","status":"publish","type":"page","link":"https:\/\/cpaq.ufms.br\/en\/pedagogia\/pedagogia-sobre-o-curso\/","title":{"rendered":"Pedagogia &#8211; Sobre o Curso"},"content":{"rendered":"<h2 data-uw-styling-context=\"true\">HIST\u00d3RICO<\/h2>\n<address data-uw-styling-context=\"true\">HIST\u00d3RICO DO CURSO O Curso de Pedagogia, do C\u00e2mpus de Aquidauana, foi criado pela Resolu\u00e7\u00e3o de n\u00ba 57, Coun\/UFMS, de 22 de dezembro de 1995, e iniciou suas atividades em 1997 considerando os pareceres favor\u00e1veis \u00e0 cria\u00e7\u00e3o pelo Conselho Diretor (Resolu\u00e7\u00e3o n\u00ba 99, CD\/UFMS, de 13 de dezembro de 1995), pelo Conselho de Ensino e Pesquisa e Extens\u00e3o (Resolu\u00e7\u00e3o n\u00ba 81, Coepe\/UFMS, de 18 de setembro de 1995). Neste ano tamb\u00e9m foi realizado o primeiro vestibular do Curso. O Conselho de Ensino, Pesquisa e Extens\u00e3o da Funda\u00e7\u00e3o Universidade Federal de Mato Grosso do Sul, em reuni\u00e3o ordin\u00e1ria realizada no dia 11 de julho de 1996 e considerando o parecer da Comiss\u00e3o Permanente de Ensino \u2013 Processo n\u00ba 23104.003736\/96-47, aprovou o curr\u00edculo Pleno do Curso de Pedagogia &#8211; Licenciatura\/CEUA conforme Resolu\u00e7\u00e3o n\u00ba 34\/96- Coepe\/UFMS.<\/address>\n<h2 data-uw-styling-context=\"true\">CARACTER\u00cdSTICAS GERAIS:<\/h2>\n<address data-uw-styling-context=\"true\">\n<ul>\n<li>Modalidade do curso (tipo de curso): Licenciatura<\/li>\n<li>T\u00edtulo acad\u00eamico conferido: licenciado em pedagogia<\/li>\n<li>Modalidade de ensino: presencial<\/li>\n<li>Regime de matr\u00edcula: matr\u00edcula semestral por disciplinas.<\/li>\n<li>Tempo de dura\u00e7\u00e3o; UFMS: m\u00ednimo 8 semestres, m\u00e1ximo 12 semestres<\/li>\n<li>Carga hor\u00e1ria3.201 horas-aula<\/li>\n<li>N\u00famero de vagas: 40 (quarenta)<\/li>\n<li>N\u00famero de turmas: \u00a001<\/li>\n<li>Turno de funcionamento: \u00a0vespertino e s\u00e1bado manh\u00e3 e tarde<\/li>\n<li>Local de funcionamento: Campus de Aquidauana\/CPAQ<\/li>\n<li>Forma de ingresso: o\u00a0ingresso ocorre mediante Sistema Unificado de Sele\u00e7\u00e3o (SISU) baseado no desempenho no Exame Nacional do Ensino M\u00e9dio (ENEM); movimenta\u00e7\u00e3o interna, transfer\u00eancias de outras IES e portadores de diploma de curso de gradua\u00e7\u00e3o em n\u00edvel superior, na exist\u00eancia de vaga; e transfer\u00eancia compuls\u00f3ria.<\/li>\n<\/ul>\n<\/address>\n<h2 data-uw-styling-context=\"true\"><strong data-uw-styling-context=\"true\">PROFISS\u00c3O:<\/strong> Pedagogo<\/h2>\n<p data-uw-styling-context=\"true\"><strong data-uw-styling-context=\"true\">ATIVIDADES INERENTES: <\/strong>O curso de Licenciatura em Pedagogia destina-se \u00e0 forma\u00e7\u00e3o de professores para exercer fun\u00e7\u00f5es de magist\u00e9rio na Educa\u00e7\u00e3o Infantil e nos anos iniciais do Ensino Fundamental, nos cursos de Ensino M\u00e9dio, na modalidade Normal, de Educa\u00e7\u00e3o Profissional na \u00e1rea de servi\u00e7os e apoio escolar e em outras \u00e1reas nas quais sejam previstos conhecimentos pedag\u00f3gicos.<\/p>\n<p data-uw-styling-context=\"true\"><strong data-uw-styling-context=\"true\">\u00c1REAS DE ATUA\u00c7\u00c3O E EXERC\u00cdCIO PROFISSIONAL:\u00a0<\/strong><\/p>\n<p data-uw-styling-context=\"true\"><strong data-uw-styling-context=\"true\">FORMA\u00c7\u00c3O:<\/strong><\/p>\n<p data-uw-styling-context=\"true\">\n","protected":false},"excerpt":{"rendered":"<p>HIST\u00d3RICO HIST\u00d3RICO DO CURSO O Curso de Pedagogia, do C\u00e2mpus de Aquidauana, foi criado pela Resolu\u00e7\u00e3o de n\u00ba 57, Coun\/UFMS, de 22 de dezembro de 1995, e iniciou suas atividades em 1997 considerando os pareceres favor\u00e1veis \u00e0 cria\u00e7\u00e3o pelo Conselho Diretor (Resolu\u00e7\u00e3o n\u00ba 99, CD\/UFMS, de 13 de dezembro de 1995), pelo Conselho de Ensino [&hellip;]<\/p>\n","protected":false},"author":1449,"featured_media":0,"parent":31807,"menu_order":0,"comment_status":"closed","ping_status":"closed","template":"page-templates\/page-coordenadorias.php","meta":{"footnotes":""},"coauthors":[],"class_list":["post-31817","page","type-page","status-publish","hentry"],"_links":{"self":[{"href":"https:\/\/cpaq.ufms.br\/en\/wp-json\/wp\/v2\/pages\/31817","targetHints":{"allow":["GET"]}}],"collection":[{"href":"https:\/\/cpaq.ufms.br\/en\/wp-json\/wp\/v2\/pages"}],"about":[{"href":"https:\/\/cpaq.ufms.br\/en\/wp-json\/wp\/v2\/types\/page"}],"author":[{"embeddable":true,"href":"https:\/\/cpaq.ufms.br\/en\/wp-json\/wp\/v2\/users\/1449"}],"replies":[{"embeddable":true,"href":"https:\/\/cpaq.ufms.br\/en\/wp-json\/wp\/v2\/comments?post=31817"}],"version-history":[{"count":5,"href":"https:\/\/cpaq.ufms.br\/en\/wp-json\/wp\/v2\/pages\/31817\/revisions"}],"predecessor-version":[{"id":31906,"href":"https:\/\/cpaq.ufms.br\/en\/wp-json\/wp\/v2\/pages\/31817\/revisions\/31906"}],"up":[{"embeddable":true,"href":"https:\/\/cpaq.ufms.br\/en\/wp-json\/wp\/v2\/pages\/31807"}],"wp:attachment":[{"href":"https:\/\/cpaq.ufms.br\/en\/wp-json\/wp\/v2\/media?parent=31817"}],"wp:term":[{"taxonomy":"author","embeddable":true,"href":"https:\/\/cpaq.ufms.br\/en\/wp-json\/wp\/v2\/coauthors?post=31817"}],"curies":[{"name":"wp","href":"https:\/\/api.w.org\/{rel}","templated":true}]}}

<h2 data-uw-styling-context="true">HISTÓRICO</h2>
<address data-uw-styling-context="true">HISTÓRICO DO CURSO O Curso de Pedagogia, do Câmpus de Aquidauana, foi criado pela Resolução de nº 57, Coun/UFMS, de 22 de dezembro de 1995, e iniciou suas atividades em 1997 considerando os pareceres favoráveis à criação pelo Conselho Diretor (Resolução nº 99, CD/UFMS, de 13 de dezembro de 1995), pelo Conselho de Ensino e Pesquisa e Extensão (Resolução nº 81, Coepe/UFMS, de 18 de setembro de 1995). Neste ano também foi realizado o primeiro vestibular do Curso. O Conselho de Ensino, Pesquisa e Extensão da Fundação Universidade Federal de Mato Grosso do Sul, em reunião ordinária realizada no dia 11 de julho de 1996 e considerando o parecer da Comissão Permanente de Ensino – Processo nº 23104.003736/96-47, aprovou o currículo Pleno do Curso de Pedagogia &#8211; Licenciatura/CEUA conforme Resolução nº 34/96- Coepe/UFMS.</address>
<h2 data-uw-styling-context="true">CARACTERÍSTICAS GERAIS:</h2>
<address data-uw-styling-context="true">
<ul>
<li>Modalidade do curso (tipo de curso): Licenciatura</li>
<li>Título acadêmico conferido: licenciado em pedagogia</li>
<li>Modalidade de ensino: presencial</li>
<li>Regime de matrícula: matrícula semestral por disciplinas.</li>
<li>Tempo de duração; UFMS: mínimo 8 semestres, máximo 12 semestres</li>
<li>Carga horária3.201 horas-aula</li>
<li>Número de vagas: 40 (quarenta)</li>
<li>Número de turmas:  01</li>
<li>Turno de funcionamento:  vespertino e sábado manhã e tarde</li>
<li>Local de funcionamento: Campus de Aquidauana/CPAQ</li>
<li>Forma de ingresso: o ingresso ocorre mediante Sistema Unificado de Seleção (SISU) baseado no desempenho no Exame Nacional do Ensino Médio (ENEM); movimentação interna, transferências de outras IES e portadores de diploma de curso de graduação em nível superior, na existência de vaga; e transferência compulsória.</li>
</ul>
</address>
<h2 data-uw-styling-context="true"><strong data-uw-styling-context="true">PROFISSÃO:</strong> Pedagogo</h2>
<p data-uw-styling-context="true"><strong data-uw-styling-context="true">ATIVIDADES INERENTES: </strong>O curso de Licenciatura em Pedagogia destina-se à formação de professores para exercer funções de magistério na Educação Infantil e nos anos iniciais do Ensino Fundamental, nos cursos de Ensino Médio, na modalidade Normal, de Educação Profissional na área de serviços e apoio escolar e em outras áreas nas quais sejam previstos conhecimentos pedagógicos.</p>
<p data-uw-styling-context="true"><strong data-uw-styling-context="true">ÁREAS DE ATUAÇÃO E EXERCÍCIO PROFISSIONAL: </strong></p>
<p data-uw-styling-context="true"><strong data-uw-styling-context="true">FORMAÇÃO:</strong></p>
<p data-uw-styling-context="true">

<p>HISTÓRICO HISTÓRICO DO CURSO O Curso de Pedagogia, do Câmpus de Aquidauana, foi criado pela Resolução de nº 57, Coun/UFMS, de 22 de dezembro de 1995, e iniciou suas atividades em 1997 considerando os pareceres favoráveis à criação pelo Conselho Diretor (Resolução nº 99, CD/UFMS, de 13 de dezembro de 1995), pelo Conselho de Ensino [&hellip;]</p>
