{"id":31131,"date":"2022-08-04T09:13:04","date_gmt":"2022-08-04T13:13:04","guid":{"rendered":"https:\/\/cpaq.ufms.br\/?page_id=31131"},"modified":"2023-07-06T09:10:18","modified_gmt":"2023-07-06T13:10:18","slug":"administracao-sobre-o-curso","status":"publish","type":"page","link":"https:\/\/cpaq.ufms.br\/en\/administracao\/administracao-sobre-o-curso\/","title":{"rendered":"Administra\u00e7\u00e3o &#8211; Sobre o Curso"},"content":{"rendered":"<h2 data-uw-styling-context=\"true\">HIST\u00d3RICO<\/h2>\n<p style=\"text-align: justify\">O Curso de Administra\u00e7\u00e3o da Universidade Federal de Mato Grosso do Sul, C\u00e2mpus de Aquidauana (UFMS\/CPAQ), foi reconhecido pela Portaria MEC n\u00ba 120, de 23 de mar\u00e7o de 1984 e criado a partir da Resolu\u00e7\u00e3o n\u00ba 10*, Coun, de 3 maio 2001, ano em que se iniciou a estrutura\u00e7\u00e3o do Curso, cuja proposta foi atuar para suprir a car\u00eancia de profissionais da \u00e1rea em Aquidauana e regi\u00e3o. A cria\u00e7\u00e3o do Curso foi idealizada por um docente do Curso de Hist\u00f3ria que era Bacharel em Administra\u00e7\u00e3o, mestre e doutor em Hist\u00f3ria, e contou com o apoio de outros docentes do CPAQ. Inicialmente o Curso foi lotado no Departamento de Hist\u00f3ria, onde foram tamb\u00e9m lotadas a maioria das disciplinas, o que permaneceu at\u00e9 2010, quando houve a extin\u00e7\u00e3o dos departamentos na UFMS. O Curso iniciou com \u00eanfase em Turismo e Hotelaria, mas, em 2010, a habilita\u00e7\u00e3o foi exclu\u00edda, passando, ent\u00e3o, a ser um Curso voltado \u00e0 administra\u00e7\u00e3o de quaisquer tipos de organiza\u00e7\u00e3o.<\/p>\n<p style=\"text-align: justify\">\nFORMA DE INGRESSO:<br \/>\nPor meio do SiSU (Sistema de Sele\u00e7\u00e3o Unificado) baseado no desempenho no Exame Nacional do Ensino M\u00e9dio (ENEM); (Movimenta\u00e7\u00e3o interna de acad\u00eamicos (na exist\u00eancia de vagas no curso); Transfer\u00eancias de outras institui\u00e7\u00f5es de ensino superior (na exist\u00eancia de vagas no curso); Para portadores de diploma de gradua\u00e7\u00e3o (na exist\u00eancia de vagas no curso)<\/p>\n<p style=\"text-align: justify\">\nCaracter\u00edsticas\u00a0gerais do curso<\/p>\n<p>PROFISS\u00c3O:\u00a0Administrador<\/p>\n<p style=\"text-align: justify\">\nATIVIDADES INERENTES: propicia o desenvolvimento de requisitos pessoais e intelectuais que o tornem capaz de compreender as transforma\u00e7\u00f5es do mundo contempor\u00e2neo, tornando-o apto a responder \u00e0s necessidades do mercado de trabalho por meio de disciplinas e conte\u00fados voltados para a forma\u00e7\u00e3o t\u00e9cnica e cient\u00edfica. Incorporar os novos conhecimentos, tecnologias e as inova\u00e7\u00f5es empresariais. Estimular\u00e1 o compromisso dos alunos com a realidade social pantaneira, considerando-a como um espa\u00e7o prof\u00edcuo para a sua inser\u00e7\u00e3o social e econ\u00f4mica.<\/p>\n<p style=\"text-align: justify\">\u00c1REAS DE ATUA\u00c7\u00c3O E EXERC\u00cdCIO PROFISSIONAL: \u00e1reas de Gest\u00e3o de Pessoas, Marketing, Produ\u00e7\u00e3o, Log\u00edstica e Opera\u00e7\u00f5es, Finan\u00e7as, Pesquisa e Desenvolvimento. Integrar institui\u00e7\u00f5es empresariais, institui\u00e7\u00f5es p\u00fablicas, pequenas e m\u00e9dias empresas e terceiro setor. Com a p\u00f3s-gradua\u00e7\u00e3o poder\u00e1 dedicar-se \u00e0 pesquisa e ao magist\u00e9rio superior.<\/p>\n<p style=\"text-align: justify\">FORMA\u00c7\u00c3O:\u00a0Bacharel em Administra\u00e7\u00e3o<\/p>\n","protected":false},"excerpt":{"rendered":"<p>HIST\u00d3RICO O Curso de Administra\u00e7\u00e3o da Universidade Federal de Mato Grosso do Sul, C\u00e2mpus de Aquidauana (UFMS\/CPAQ), foi reconhecido pela Portaria MEC n\u00ba 120, de 23 de mar\u00e7o de 1984 e criado a partir da Resolu\u00e7\u00e3o n\u00ba 10*, Coun, de 3 maio 2001, ano em que se iniciou a estrutura\u00e7\u00e3o do Curso, cuja proposta foi [&hellip;]<\/p>\n","protected":false},"author":1449,"featured_media":0,"parent":31115,"menu_order":0,"comment_status":"closed","ping_status":"closed","template":"","meta":{"footnotes":""},"coauthors":[],"class_list":["post-31131","page","type-page","status-publish","hentry"],"_links":{"self":[{"href":"https:\/\/cpaq.ufms.br\/en\/wp-json\/wp\/v2\/pages\/31131","targetHints":{"allow":["GET"]}}],"collection":[{"href":"https:\/\/cpaq.ufms.br\/en\/wp-json\/wp\/v2\/pages"}],"about":[{"href":"https:\/\/cpaq.ufms.br\/en\/wp-json\/wp\/v2\/types\/page"}],"author":[{"embeddable":true,"href":"https:\/\/cpaq.ufms.br\/en\/wp-json\/wp\/v2\/users\/1449"}],"replies":[{"embeddable":true,"href":"https:\/\/cpaq.ufms.br\/en\/wp-json\/wp\/v2\/comments?post=31131"}],"version-history":[{"count":6,"href":"https:\/\/cpaq.ufms.br\/en\/wp-json\/wp\/v2\/pages\/31131\/revisions"}],"predecessor-version":[{"id":32958,"href":"https:\/\/cpaq.ufms.br\/en\/wp-json\/wp\/v2\/pages\/31131\/revisions\/32958"}],"up":[{"embeddable":true,"href":"https:\/\/cpaq.ufms.br\/en\/wp-json\/wp\/v2\/pages\/31115"}],"wp:attachment":[{"href":"https:\/\/cpaq.ufms.br\/en\/wp-json\/wp\/v2\/media?parent=31131"}],"wp:term":[{"taxonomy":"author","embeddable":true,"href":"https:\/\/cpaq.ufms.br\/en\/wp-json\/wp\/v2\/coauthors?post=31131"}],"curies":[{"name":"wp","href":"https:\/\/api.w.org\/{rel}","templated":true}]}}

Administração &#8211; Sobre o Curso

<h2 data-uw-styling-context="true">HISTÓRICO</h2>
<p style="text-align: justify">O Curso de Administração da Universidade Federal de Mato Grosso do Sul, Câmpus de Aquidauana (UFMS/CPAQ), foi reconhecido pela Portaria MEC nº 120, de 23 de março de 1984 e criado a partir da Resolução nº 10*, Coun, de 3 maio 2001, ano em que se iniciou a estruturação do Curso, cuja proposta foi atuar para suprir a carência de profissionais da área em Aquidauana e região. A criação do Curso foi idealizada por um docente do Curso de História que era Bacharel em Administração, mestre e doutor em História, e contou com o apoio de outros docentes do CPAQ. Inicialmente o Curso foi lotado no Departamento de História, onde foram também lotadas a maioria das disciplinas, o que permaneceu até 2010, quando houve a extinção dos departamentos na UFMS. O Curso iniciou com ênfase em Turismo e Hotelaria, mas, em 2010, a habilitação foi excluída, passando, então, a ser um Curso voltado à administração de quaisquer tipos de organização.</p>
<p style="text-align: justify">
FORMA DE INGRESSO:<br />
Por meio do SiSU (Sistema de Seleção Unificado) baseado no desempenho no Exame Nacional do Ensino Médio (ENEM); (Movimentação interna de acadêmicos (na existência de vagas no curso); Transferências de outras instituições de ensino superior (na existência de vagas no curso); Para portadores de diploma de graduação (na existência de vagas no curso)</p>
<p style="text-align: justify">
Características gerais do curso</p>
<p>PROFISSÃO: Administrador</p>
<p style="text-align: justify">
ATIVIDADES INERENTES: propicia o desenvolvimento de requisitos pessoais e intelectuais que o tornem capaz de compreender as transformações do mundo contemporâneo, tornando-o apto a responder às necessidades do mercado de trabalho por meio de disciplinas e conteúdos voltados para a formação técnica e científica. Incorporar os novos conhecimentos, tecnologias e as inovações empresariais. Estimulará o compromisso dos alunos com a realidade social pantaneira, considerando-a como um espaço profícuo para a sua inserção social e econômica.</p>
<p style="text-align: justify">ÁREAS DE ATUAÇÃO E EXERCÍCIO PROFISSIONAL: áreas de Gestão de Pessoas, Marketing, Produção, Logística e Operações, Finanças, Pesquisa e Desenvolvimento. Integrar instituições empresariais, instituições públicas, pequenas e médias empresas e terceiro setor. Com a pós-graduação poderá dedicar-se à pesquisa e ao magistério superior.</p>
<p style="text-align: justify">FORMAÇÃO: Bacharel em Administração</p>

<p>HISTÓRICO O Curso de Administração da Universidade Federal de Mato Grosso do Sul, Câmpus de Aquidauana (UFMS/CPAQ), foi reconhecido pela Portaria MEC nº 120, de 23 de março de 1984 e criado a partir da Resolução nº 10*, Coun, de 3 maio 2001, ano em que se iniciou a estruturação do Curso, cuja proposta foi [&hellip;]</p>
