{"id":30461,"date":"2022-05-04T13:23:31","date_gmt":"2022-05-04T17:23:31","guid":{"rendered":"https:\/\/cpaq.ufms.br\/?page_id=30461"},"modified":"2025-02-26T19:33:17","modified_gmt":"2025-02-26T23:33:17","slug":"uae-inclusao-digital","status":"publish","type":"page","link":"https:\/\/cpaq.ufms.br\/en\/00-novos\/uae\/uae-inclusao-digital\/","title":{"rendered":"SETAES &#8211; Aux\u00edlio Transporte"},"content":{"rendered":"<p>\u200b\u200b\u200b\u200b\u200b\u200b\u200b<div class=\"panel panel-info\"><div class=\"panel-heading\">O que \u00e9?<\/div><div class=\"panel-body\">\n<p><span style=\"font-weight: 400\">\u00c9 um aux\u00edlio para o custeio de despesas com transporte no munic\u00edpio onde n\u00e3o h\u00e1 transporte coletivo gratuito para estudantes e\/ou entre munic\u00edpios adjacentes. \u00c9 pago durante o per\u00edodo letivo e o valor atual \u00e9 de R$200,00 mensal.<\/span><\/p>\n<p style=\"text-align: justify\">\n<p><b>Como participar?<\/b><\/p>\n<ul>\n<li style=\"font-weight: 400\"><span style=\"font-weight: 400\">Ficar atento(a) ao lan\u00e7amento dos editais;<\/span><\/li>\n<li style=\"font-weight: 400\"><span style=\"font-weight: 400\">Participar do Processo de Sele\u00e7\u00e3o conforme orienta\u00e7\u00e3o de cada edital.<\/span><\/li>\n<\/ul>\n<p style=\"text-align: justify\">\n<p><b>Crit\u00e9rios para a participa\u00e7\u00e3o:<\/b><\/p>\n<ul>\n<li style=\"font-weight: 400\"><span style=\"font-weight: 400\">Residir a uma dist\u00e2ncia m\u00ednima de 2 (dois) quil\u00f4metros entre a sua resid\u00eancia e o Campus de Aquidauana, seguindo o tra\u00e7ado das vias p\u00fablicas;<\/span><\/li>\n<li style=\"font-weight: 400\"><span style=\"font-weight: 400\">Possuir renda\u00a0familiar per capita\u00a0de at\u00e9 um sal\u00e1rio m\u00ednimo vigente, comprovada por meio da Folha Resumo do Cadastro \u00danico &#8211; Cad\u00danico;<\/span><\/li>\n<li style=\"font-weight: 400\"><span style=\"font-weight: 400\">N\u00e3o ter conclu\u00eddo curso superior (bacharelado, licenciatura ou tecn\u00f3logo);<\/span><\/li>\n<li style=\"font-weight: 400\"><span style=\"font-weight: 400\">N\u00e3o ter ultrapassado dois semestres do tempo regular do curso;<\/span><\/li>\n<li style=\"font-weight: 400\"><span style=\"font-weight: 400\">N\u00e3o possuir penalidades administrativas, graves ou grav\u00edssimas, previstas no Regulamento Disciplinar do Estudante da UFMS, nos \u00faltimos seis meses.<\/span><\/li>\n<\/ul>\n<p style=\"text-align: justify\">\n<p><b>Mais informa\u00e7\u00f5es<\/b><\/p>\n<p><span style=\"font-weight: 400\">Os(as) acad\u00eamicos(as) podem procurar por mais informa\u00e7\u00f5es no Setor de Assist\u00eancia Estudantil (SETAES).<\/span><\/p>\n<\/div><\/div>\n","protected":false},"excerpt":{"rendered":"<p>\u200b\u200b\u200b\u200b\u200b\u200b\u200b<\/p>\n","protected":false},"author":1449,"featured_media":30611,"parent":29698,"menu_order":0,"comment_status":"closed","ping_status":"closed","template":"page-templates\/page-coordenadorias.php","meta":{"footnotes":""},"coauthors":[],"class_list":["post-30461","page","type-page","status-publish","has-post-thumbnail","hentry"],"_links":{"self":[{"href":"https:\/\/cpaq.ufms.br\/en\/wp-json\/wp\/v2\/pages\/30461","targetHints":{"allow":["GET"]}}],"collection":[{"href":"https:\/\/cpaq.ufms.br\/en\/wp-json\/wp\/v2\/pages"}],"about":[{"href":"https:\/\/cpaq.ufms.br\/en\/wp-json\/wp\/v2\/types\/page"}],"author":[{"embeddable":true,"href":"https:\/\/cpaq.ufms.br\/en\/wp-json\/wp\/v2\/users\/1449"}],"replies":[{"embeddable":true,"href":"https:\/\/cpaq.ufms.br\/en\/wp-json\/wp\/v2\/comments?post=30461"}],"version-history":[{"count":5,"href":"https:\/\/cpaq.ufms.br\/en\/wp-json\/wp\/v2\/pages\/30461\/revisions"}],"predecessor-version":[{"id":36541,"href":"https:\/\/cpaq.ufms.br\/en\/wp-json\/wp\/v2\/pages\/30461\/revisions\/36541"}],"up":[{"embeddable":true,"href":"https:\/\/cpaq.ufms.br\/en\/wp-json\/wp\/v2\/pages\/29698"}],"wp:featuredmedia":[{"embeddable":true,"href":"https:\/\/cpaq.ufms.br\/en\/wp-json\/wp\/v2\/media\/30611"}],"wp:attachment":[{"href":"https:\/\/cpaq.ufms.br\/en\/wp-json\/wp\/v2\/media?parent=30461"}],"wp:term":[{"taxonomy":"author","embeddable":true,"href":"https:\/\/cpaq.ufms.br\/en\/wp-json\/wp\/v2\/coauthors?post=30461"}],"curies":[{"name":"wp","href":"https:\/\/api.w.org\/{rel}","templated":true}]}}

SETAES &#8211; Auxílio Transporte

<p>​​​​​​​<div class="panel panel-info"><div class="panel-heading">O que é?</div><div class="panel-body">
<p><span style="font-weight: 400">É um auxílio para o custeio de despesas com transporte no município onde não há transporte coletivo gratuito para estudantes e/ou entre municípios adjacentes. É pago durante o período letivo e o valor atual é de R$200,00 mensal.</span></p>
<p style="text-align: justify">
<p><b>Como participar?</b></p>
<ul>
<li style="font-weight: 400"><span style="font-weight: 400">Ficar atento(a) ao lançamento dos editais;</span></li>
<li style="font-weight: 400"><span style="font-weight: 400">Participar do Processo de Seleção conforme orientação de cada edital.</span></li>
</ul>
<p style="text-align: justify">
<p><b>Critérios para a participação:</b></p>
<ul>
<li style="font-weight: 400"><span style="font-weight: 400">Residir a uma distância mínima de 2 (dois) quilômetros entre a sua residência e o Campus de Aquidauana, seguindo o traçado das vias públicas;</span></li>
<li style="font-weight: 400"><span style="font-weight: 400">Possuir renda familiar per capita de até um salário mínimo vigente, comprovada por meio da Folha Resumo do Cadastro Único &#8211; CadÚnico;</span></li>
<li style="font-weight: 400"><span style="font-weight: 400">Não ter concluído curso superior (bacharelado, licenciatura ou tecnólogo);</span></li>
<li style="font-weight: 400"><span style="font-weight: 400">Não ter ultrapassado dois semestres do tempo regular do curso;</span></li>
<li style="font-weight: 400"><span style="font-weight: 400">Não possuir penalidades administrativas, graves ou gravíssimas, previstas no Regulamento Disciplinar do Estudante da UFMS, nos últimos seis meses.</span></li>
</ul>
<p style="text-align: justify">
<p><b>Mais informações</b></p>
<p><span style="font-weight: 400">Os(as) acadêmicos(as) podem procurar por mais informações no Setor de Assistência Estudantil (SETAES).</span></p>
</div></div>
