{"id":30444,"date":"2022-05-04T10:19:47","date_gmt":"2022-05-04T14:19:47","guid":{"rendered":"https:\/\/cpaq.ufms.br\/?page_id=30444"},"modified":"2025-02-26T20:00:53","modified_gmt":"2025-02-27T00:00:53","slug":"uae-auxilio-permanencia","status":"publish","type":"page","link":"https:\/\/cpaq.ufms.br\/en\/00-novos\/uae\/uae-auxilio-permanencia\/","title":{"rendered":"SETAES &#8211; Aux\u00edlio Perman\u00eancia"},"content":{"rendered":"<div class=\"panel panel-info\"><div class=\"panel-heading\">O que \u00e9?<\/div><div class=\"panel-body\">\n<p><span style=\"font-weight: 400\">\u00c9 um aux\u00edlio para garantir a perman\u00eancia de estudantes em situa\u00e7\u00e3o de vulnerabilidade socioecon\u00f4mica na universidade. O valor atual \u00e9 de R$500,00 mensal.<\/span><\/p>\n<p>&nbsp;<\/p>\n<p><b>Como participar?<\/b><\/p>\n<ul>\n<li style=\"font-weight: 400\"><span style=\"font-weight: 400\">Ficar atento(a) ao lan\u00e7amento dos editais;<\/span><\/li>\n<li style=\"font-weight: 400\"><span style=\"font-weight: 400\">Participar do Processo de Sele\u00e7\u00e3o conforme orienta\u00e7\u00e3o de cada edital.<\/span><\/li>\n<\/ul>\n<p>&nbsp;<\/p>\n<p><b>Crit\u00e9rios para a participa\u00e7\u00e3o:<\/b><\/p>\n<ul>\n<li style=\"font-weight: 400\"><span style=\"font-weight: 400\">Possuir matr\u00edcula regular em curso de gradua\u00e7\u00e3o na UFMS;<\/span><\/li>\n<li style=\"font-weight: 400\"><span style=\"font-weight: 400\">Possuir renda\u00a0familiar per capita\u00a0de at\u00e9 um sal\u00e1rio m\u00ednimo vigente, comprovada por meio da Folha Resumo do Cadastro \u00danico &#8211; Cad\u00danico;<\/span><\/li>\n<li style=\"font-weight: 400\"><span style=\"font-weight: 400\">N\u00e3o ter conclu\u00eddo curso superior (bacharelado, licenciatura ou tecn\u00f3logo);<\/span><\/li>\n<li style=\"font-weight: 400\"><span style=\"font-weight: 400\">N\u00e3o ter ultrapassado dois semestres do tempo regular do curso;<\/span><\/li>\n<li style=\"font-weight: 400\"><span style=\"font-weight: 400\">N\u00e3o possuir penalidades administrativas, graves ou grav\u00edssimas, previstas no Regulamento Disciplinar do Estudante da UFMS, nos \u00faltimos seis meses.<\/span><\/li>\n<\/ul>\n<p>&nbsp;<\/p>\n<p><b>Mais informa\u00e7\u00f5es<\/b><\/p>\n<p><span style=\"font-weight: 400\">Os(as) acad\u00eamicos(as) podem procurar por mais informa\u00e7\u00f5es no Setor de Assist\u00eancia Estudantil (SETAES).<\/span><\/p>\n<p style=\"text-align: justify\"><\/div><\/div>\n","protected":false},"excerpt":{"rendered":"","protected":false},"author":1449,"featured_media":30611,"parent":29698,"menu_order":0,"comment_status":"closed","ping_status":"closed","template":"page-templates\/page-coordenadorias.php","meta":{"footnotes":""},"coauthors":[],"class_list":["post-30444","page","type-page","status-publish","has-post-thumbnail","hentry"],"_links":{"self":[{"href":"https:\/\/cpaq.ufms.br\/en\/wp-json\/wp\/v2\/pages\/30444","targetHints":{"allow":["GET"]}}],"collection":[{"href":"https:\/\/cpaq.ufms.br\/en\/wp-json\/wp\/v2\/pages"}],"about":[{"href":"https:\/\/cpaq.ufms.br\/en\/wp-json\/wp\/v2\/types\/page"}],"author":[{"embeddable":true,"href":"https:\/\/cpaq.ufms.br\/en\/wp-json\/wp\/v2\/users\/1449"}],"replies":[{"embeddable":true,"href":"https:\/\/cpaq.ufms.br\/en\/wp-json\/wp\/v2\/comments?post=30444"}],"version-history":[{"count":7,"href":"https:\/\/cpaq.ufms.br\/en\/wp-json\/wp\/v2\/pages\/30444\/revisions"}],"predecessor-version":[{"id":36546,"href":"https:\/\/cpaq.ufms.br\/en\/wp-json\/wp\/v2\/pages\/30444\/revisions\/36546"}],"up":[{"embeddable":true,"href":"https:\/\/cpaq.ufms.br\/en\/wp-json\/wp\/v2\/pages\/29698"}],"wp:featuredmedia":[{"embeddable":true,"href":"https:\/\/cpaq.ufms.br\/en\/wp-json\/wp\/v2\/media\/30611"}],"wp:attachment":[{"href":"https:\/\/cpaq.ufms.br\/en\/wp-json\/wp\/v2\/media?parent=30444"}],"wp:term":[{"taxonomy":"author","embeddable":true,"href":"https:\/\/cpaq.ufms.br\/en\/wp-json\/wp\/v2\/coauthors?post=30444"}],"curies":[{"name":"wp","href":"https:\/\/api.w.org\/{rel}","templated":true}]}}

SETAES &#8211; Auxílio Permanência

<div class="panel panel-info"><div class="panel-heading">O que é?</div><div class="panel-body">
<p><span style="font-weight: 400">É um auxílio para garantir a permanência de estudantes em situação de vulnerabilidade socioeconômica na universidade. O valor atual é de R$500,00 mensal.</span></p>
<p>&nbsp;</p>
<p><b>Como participar?</b></p>
<ul>
<li style="font-weight: 400"><span style="font-weight: 400">Ficar atento(a) ao lançamento dos editais;</span></li>
<li style="font-weight: 400"><span style="font-weight: 400">Participar do Processo de Seleção conforme orientação de cada edital.</span></li>
</ul>
<p>&nbsp;</p>
<p><b>Critérios para a participação:</b></p>
<ul>
<li style="font-weight: 400"><span style="font-weight: 400">Possuir matrícula regular em curso de graduação na UFMS;</span></li>
<li style="font-weight: 400"><span style="font-weight: 400">Possuir renda familiar per capita de até um salário mínimo vigente, comprovada por meio da Folha Resumo do Cadastro Único &#8211; CadÚnico;</span></li>
<li style="font-weight: 400"><span style="font-weight: 400">Não ter concluído curso superior (bacharelado, licenciatura ou tecnólogo);</span></li>
<li style="font-weight: 400"><span style="font-weight: 400">Não ter ultrapassado dois semestres do tempo regular do curso;</span></li>
<li style="font-weight: 400"><span style="font-weight: 400">Não possuir penalidades administrativas, graves ou gravíssimas, previstas no Regulamento Disciplinar do Estudante da UFMS, nos últimos seis meses.</span></li>
</ul>
<p>&nbsp;</p>
<p><b>Mais informações</b></p>
<p><span style="font-weight: 400">Os(as) acadêmicos(as) podem procurar por mais informações no Setor de Assistência Estudantil (SETAES).</span></p>
<p style="text-align: justify"></div></div>
