{"id":28153,"date":"2021-07-22T14:37:06","date_gmt":"2021-07-22T18:37:06","guid":{"rendered":"https:\/\/cpaq.ufms.br\/?page_id=28153"},"modified":"2026-02-20T22:27:47","modified_gmt":"2026-02-21T02:27:47","slug":"horarios-de-aulas-graduacao","status":"publish","type":"page","link":"https:\/\/cpaq.ufms.br\/en\/00-novos\/horarios-de-aulas-graduacao\/","title":{"rendered":"Hor\u00e1rios de Aulas &#8211; Gradua\u00e7\u00e3o"},"content":{"rendered":"<div class=\"panel panel-info\"><div class=\"panel-heading\">Veja os Hor\u00e1rios de Aulas de seu curso<\/div><div class=\"panel-body\">\n<p style=\"text-align: justify\">Para conferir os Hor\u00e1rios de Aulas referentes ao <strong>PER\u00cdODO ESPECIAL DE VER\u00c3O 2025<\/strong>, basta clicar, abaixo, sobre o nome do curso desejado:<\/p>\n<p style=\"text-align: justify\"><a href=\"https:\/\/drive.google.com\/file\/d\/1E7sN_mrqUqmwlfmtRkLRay5lpH-SKiwf\/view?usp=drivesdk\">Administra\u00e7\u00e3o<\/a><\/p>\n<p style=\"text-align: justify\"><a href=\"https:\/\/drive.google.com\/file\/d\/1Dc3LTsvqqHQLyUcEgZK_fJdotOXiR1Ms\/view?usp=drivesdk\">Ci\u00eancias Biol\u00f3gicas<\/a><\/p>\n<p style=\"text-align: justify\"><a href=\"https:\/\/drive.google.com\/file\/d\/1YgmR4tdWh8x29wwaozhh__13S8kg0QoU\/view?usp=drivesdk\">Geografia Bacharelado<\/a><\/p>\n<p style=\"text-align: justify\"><a href=\"https:\/\/drive.google.com\/file\/d\/1quWFCB0zvZv2-0StUCc3O-nDIUsVNCoY\/view?usp=drivesdk\">Geografia Licenciatura<\/a><\/p>\n<p style=\"text-align: justify\"><a href=\"https:\/\/drive.google.com\/file\/d\/1MJZiGSjeBYAZjZI78PLOeA0GLXRtx3WN\/view?usp=drivesdk\">Hist\u00f3ria<\/a><\/p>\n<p style=\"text-align: justify\"><a href=\"https:\/\/drive.google.com\/file\/d\/1uI9RiQ6xWrD1zPPWNyxuQXgVqBF0Sneh\/view?usp=drivesdk\">Letras Portugu\u00eas\/Espanhol <\/a><\/p>\n<p style=\"text-align: justify\"><a href=\"https:\/\/drive.google.com\/file\/d\/1sg5LluyKcK2SrASkMRRcf-MLtf_iEzhm\/view?usp=drivesdk\">Letras Portugu\u00eas\/Ingl\u00eas <\/a><\/p>\n<p style=\"text-align: left\"><a href=\"https:\/\/drive.google.com\/file\/d\/1DUzlFFEs_iMXroOYqKo-6eoxiWDyIuj0\/view?usp=drivesdk\">Licenciatura Intercultural Ind\u00edgena<\/a><\/p>\n<p style=\"text-align: justify\"><a href=\"https:\/\/drive.google.com\/file\/d\/11-YhIXG60DgAq5A--LvAvopGIy-7BCJe\/view?usp=drivesdk\">Matem\u00e1tica <\/a><\/p>\n<p style=\"text-align: justify\"><a href=\"https:\/\/drive.google.com\/file\/d\/1nF6sOQw-7Z2yd9rsEcA8CGUAqpHRwJE8\/view?usp=drivesdk\">Pedagogia<\/a><\/p>\n<p><a href=\"https:\/\/drive.google.com\/file\/d\/1nYfCF8_7SOjqBcM_7S0ArsfqphUYv6nG\/view?usp=drivesdk\">Pedagogia Intercultural Ind\u00edgena<\/a><\/p>\n<div class=\"panel panel-default\">\n\t\t\t\t<div class=\"panel-heading\">\n\t\t\t\t\t<h4 class=\"panel-title\">\n\t\t\t\t\t\t<a class=\"collapsed\" data-toggle=\"collapse\" data-parent=\"#single-collapse\" href=\"#single-collapse-0\">Mais Informa\u00e7\u00f5es<\/a>\n\t\t\t\t\t<\/h4>\n\t\t\t\t<\/div>\n\t\t\t\t<div id=\"single-collapse-0\" class=\"panel-collapse collapse\">\n\t\t\t\t\t<div class=\"panel-body\">\n<p style=\"text-align: justify\">D\u00favidas podem ser esclarecidas via <em>e-mail<\/em> pelas respectivas Coordena\u00e7\u00f5es de Cursos. Para encontrar o <em>e-mail<\/em> da Coordena\u00e7\u00e3o de Curso com que deseja entrar em contato, basta ir ao menu &#8220;Cursos&#8221;, &#8220;Gradua\u00e7\u00e3o&#8221;, &#8220;Bacharelado&#8221; ou &#8220;Licenciatura&#8221; e, ap\u00f3s selecionar o curso desejado, clicar em &#8220;Coordena\u00e7\u00e3o, Colegiado e Docentes&#8221;, se\u00e7\u00e3o localizada no menu lateral direito da p\u00e1gina.<\/p>\n<\/div>\n\t\t\t\t<\/div>\n\t\t\t<\/div>\n<\/div><\/div>\n","protected":false},"excerpt":{"rendered":"","protected":false},"author":6631,"featured_media":0,"parent":30416,"menu_order":0,"comment_status":"closed","ping_status":"closed","template":"","meta":{"footnotes":""},"coauthors":[213],"class_list":["post-28153","page","type-page","status-publish","hentry"],"_links":{"self":[{"href":"https:\/\/cpaq.ufms.br\/en\/wp-json\/wp\/v2\/pages\/28153","targetHints":{"allow":["GET"]}}],"collection":[{"href":"https:\/\/cpaq.ufms.br\/en\/wp-json\/wp\/v2\/pages"}],"about":[{"href":"https:\/\/cpaq.ufms.br\/en\/wp-json\/wp\/v2\/types\/page"}],"author":[{"embeddable":true,"href":"https:\/\/cpaq.ufms.br\/en\/wp-json\/wp\/v2\/users\/6631"}],"replies":[{"embeddable":true,"href":"https:\/\/cpaq.ufms.br\/en\/wp-json\/wp\/v2\/comments?post=28153"}],"version-history":[{"count":59,"href":"https:\/\/cpaq.ufms.br\/en\/wp-json\/wp\/v2\/pages\/28153\/revisions"}],"predecessor-version":[{"id":38583,"href":"https:\/\/cpaq.ufms.br\/en\/wp-json\/wp\/v2\/pages\/28153\/revisions\/38583"}],"up":[{"embeddable":true,"href":"https:\/\/cpaq.ufms.br\/en\/wp-json\/wp\/v2\/pages\/30416"}],"wp:attachment":[{"href":"https:\/\/cpaq.ufms.br\/en\/wp-json\/wp\/v2\/media?parent=28153"}],"wp:term":[{"taxonomy":"author","embeddable":true,"href":"https:\/\/cpaq.ufms.br\/en\/wp-json\/wp\/v2\/coauthors?post=28153"}],"curies":[{"name":"wp","href":"https:\/\/api.w.org\/{rel}","templated":true}]}}

Horários de Aulas &#8211; Graduação

<div class="panel panel-info"><div class="panel-heading">Veja os Horários de Aulas de seu curso</div><div class="panel-body">
<p style="text-align: justify">Para conferir os Horários de Aulas referentes ao <strong>PERÍODO ESPECIAL DE VERÃO 2025</strong>, basta clicar, abaixo, sobre o nome do curso desejado:</p>
<p style="text-align: justify"><a href="https://drive.google.com/file/d/1E7sN_mrqUqmwlfmtRkLRay5lpH-SKiwf/view?usp=drivesdk">Administração</a></p>
<p style="text-align: justify"><a href="https://drive.google.com/file/d/1Dc3LTsvqqHQLyUcEgZK_fJdotOXiR1Ms/view?usp=drivesdk">Ciências Biológicas</a></p>
<p style="text-align: justify"><a href="https://drive.google.com/file/d/1YgmR4tdWh8x29wwaozhh__13S8kg0QoU/view?usp=drivesdk">Geografia Bacharelado</a></p>
<p style="text-align: justify"><a href="https://drive.google.com/file/d/1quWFCB0zvZv2-0StUCc3O-nDIUsVNCoY/view?usp=drivesdk">Geografia Licenciatura</a></p>
<p style="text-align: justify"><a href="https://drive.google.com/file/d/1MJZiGSjeBYAZjZI78PLOeA0GLXRtx3WN/view?usp=drivesdk">História</a></p>
<p style="text-align: justify"><a href="https://drive.google.com/file/d/1uI9RiQ6xWrD1zPPWNyxuQXgVqBF0Sneh/view?usp=drivesdk">Letras Português/Espanhol </a></p>
<p style="text-align: justify"><a href="https://drive.google.com/file/d/1sg5LluyKcK2SrASkMRRcf-MLtf_iEzhm/view?usp=drivesdk">Letras Português/Inglês </a></p>
<p style="text-align: left"><a href="https://drive.google.com/file/d/1DUzlFFEs_iMXroOYqKo-6eoxiWDyIuj0/view?usp=drivesdk">Licenciatura Intercultural Indígena</a></p>
<p style="text-align: justify"><a href="https://drive.google.com/file/d/11-YhIXG60DgAq5A--LvAvopGIy-7BCJe/view?usp=drivesdk">Matemática </a></p>
<p style="text-align: justify"><a href="https://drive.google.com/file/d/1nF6sOQw-7Z2yd9rsEcA8CGUAqpHRwJE8/view?usp=drivesdk">Pedagogia</a></p>
<p><a href="https://drive.google.com/file/d/1nYfCF8_7SOjqBcM_7S0ArsfqphUYv6nG/view?usp=drivesdk">Pedagogia Intercultural Indígena</a></p>
<div class="panel panel-default">
				<div class="panel-heading">
					<h4 class="panel-title">
						<a class="collapsed" data-toggle="collapse" data-parent="#single-collapse" href="#single-collapse-0">Mais Informações</a>
					</h4>
				</div>
				<div id="single-collapse-0" class="panel-collapse collapse">
					<div class="panel-body">
<p style="text-align: justify">Dúvidas podem ser esclarecidas via <em>e-mail</em> pelas respectivas Coordenações de Cursos. Para encontrar o <em>e-mail</em> da Coordenação de Curso com que deseja entrar em contato, basta ir ao menu &#8220;Cursos&#8221;, &#8220;Graduação&#8221;, &#8220;Bacharelado&#8221; ou &#8220;Licenciatura&#8221; e, após selecionar o curso desejado, clicar em &#8220;Coordenação, Colegiado e Docentes&#8221;, seção localizada no menu lateral direito da página.</p>
</div>
				</div>
			</div>
</div></div>
