{"id":11163,"date":"2018-04-05T08:18:38","date_gmt":"2018-04-05T12:18:38","guid":{"rendered":"https:\/\/cpaq.ufms.br\/?page_id=11163"},"modified":"2025-02-26T20:08:05","modified_gmt":"2025-02-27T00:08:05","slug":"orientacoes-para-utilizacao-da-cozinha-academica","status":"publish","type":"page","link":"https:\/\/cpaq.ufms.br\/en\/00-novos\/uae\/orientacoes-para-utilizacao-da-cozinha-academica\/","title":{"rendered":"SETAES &#8211; Orienta\u00e7\u00f5es para utiliza\u00e7\u00e3o da cozinha acad\u00eamica"},"content":{"rendered":"<p>\u200b\u200b\u200b\u200b\u200b\u200b\u200b<div class=\"panel panel-info\"><div class=\"panel-heading\">Orienta\u00e7\u00f5es<\/div><div class=\"panel-body\">\n<p><strong><u>ORIENTA\u00c7\u00d5ES PARA UTILIZA\u00c7\u00c3O DA COZINHA ACAD\u00caMICA<\/u><\/strong><\/p>\n<ol>\n<li>Finalidade:\n<ul>\n<li>Atender aos acad\u00eamicos dos Cursos de Gradua\u00e7\u00e3o e alunos da P\u00f3s-gradua\u00e7\u00e3o do Campus de Aquidauana para que possam realizar refei\u00e7\u00f5es e acondicionar alimentos.<\/li>\n<\/ul>\n<\/li>\n<li>Local:\n<ul>\n<li>A Cozinha Acad\u00eamica est\u00e1 localizada na Unidade II, Bloco C, Sala C 02.<\/li>\n<\/ul>\n<\/li>\n<li>Estrutura:\n<ul>\n<li>A Cozinha Acad\u00eamica possui pia e conta com os seguintes mobili\u00e1rios e aparelhos: 1 arm\u00e1rio; 1 cafeteira; 1 forno micro-ondas; 1 geladeira; 1 mesa e 2 cadeiras.<\/li>\n<\/ul>\n<\/li>\n<li>Hor\u00e1rio de Funcionamento:\n<ul>\n<li>Segunda a sexta-feira: 7h \u00e0s 22h30min;<\/li>\n<li>S\u00e1bado: 7h \u00e0s 17h.<\/li>\n<\/ul>\n<\/li>\n<li>Orienta\u00e7\u00f5es ao Usu\u00e1rio:\n<ul>\n<li>Os aparelhos que comp\u00f5em a Cozinha Acad\u00eamica ser\u00e3o utilizados para o preparo de caf\u00e9, refei\u00e7\u00f5es r\u00e1pidas, acondicionar \u00e1gua, sucos\/similares e alimentos quando necess\u00e1rio.\n<ul>\n<li>Os aparelhos disponibilizados, descritos no item n\u00ba 3 deste documento, ser\u00e3o utilizados conforme recomenda\u00e7\u00f5es constantes nos manuais de instru\u00e7\u00f5es que estar\u00e3o dispon\u00edveis na Cozinha Acad\u00eamica;<\/li>\n<li>Para realizar refei\u00e7\u00f5es, o(a) acad\u00eamico(a) dever\u00e1 possuir utens\u00edlios pr\u00f3prios, como pratos e talheres.<\/li>\n<\/ul>\n<\/li>\n<li>Devido ao fluxo de usu\u00e1rios na Cozinha Acad\u00eamica, \u00e9 necess\u00e1ria a identifica\u00e7\u00e3o de recipientes\/alimentos, que permanecer\u00e3o armazenados no espa\u00e7o f\u00edsico ou nos aparelhos da Cozinha Acad\u00eamica, com o nome do usu\u00e1rio e seu respectivo curso.\n<ul>\n<li>A aquisi\u00e7\u00e3o de alimentos e demais produtos de consumo ser\u00e1 feita pelo pr\u00f3prio usu\u00e1rio, sem incorrer qualquer responsabilidade ao Campus de Aquidauana;<\/li>\n<li>O usu\u00e1rio dever\u00e1 zelar pela higiene do local, mantendo limpos os aparelhos de micro-ondas e cafeteira e a pia da cozinha;<\/li>\n<li>O espa\u00e7o f\u00edsico ser\u00e1 limpo, diariamente, por colaboradores terceirizados do Campus de Aquidauana;<\/li>\n<li>A Unidade de Apoio Estudantil do Campus de Aquidauana &#8211; UAE\/CPAQ bem como a Dire\u00e7\u00e3o do Campus de Aquidauana n\u00e3o ser\u00e3o respons\u00e1veis por quaisquer objetos\/alimentos de consumo pr\u00f3prio deixados pelo usu\u00e1rio no espa\u00e7o f\u00edsico ou em aparelhos que comp\u00f5em a Cozinha Acad\u00eamica;<\/li>\n<li>N\u00e3o haver\u00e1 agendamento para utiliza\u00e7\u00e3o da cozinha Acad\u00eamica, devendo o usu\u00e1rio observar os princ\u00edpios da boa educa\u00e7\u00e3o, respeito, conviv\u00eancia harmoniosa e companheirismo.<\/li>\n<\/ul>\n<\/li>\n<\/ul>\n<\/li>\n<\/ol>\n<ol start=\"6\">\n<li>Proibi\u00e7\u00f5es:\n<ul>\n<li>\u00c9 vedado, por se tratar de patrim\u00f4nio p\u00fablico, colar, pintar ou colocar adesivos na estrutura f\u00edsica da Cozinha Acad\u00eamica bem como nos aparelhos que a comp\u00f5em;<\/li>\n<li>N\u00e3o ser\u00e1 permitido o armazenamento ou a utiliza\u00e7\u00e3o de bebida alco\u00f3lica na Cozinha Acad\u00eamica;<\/li>\n<li>Utilizar a Cozinha Acad\u00eamica para finalidades n\u00e3o previstas nestas orienta\u00e7\u00f5es;<\/li>\n<li>Danificar os aparelhos, mobili\u00e1rios e a estrutura f\u00edsica da Cozinha Acad\u00eamica, podendo o usu\u00e1rio responder por danos ou preju\u00edzos causados ao er\u00e1rio.<\/li>\n<\/ul>\n<\/li>\n<\/ol>\n<p><strong>Setor de Atendimento ao Usu\u00e1rio:<\/strong><\/p>\n<p>O Setor de Atendimento ao Usu\u00e1rio ser\u00e1 a Unidade de Apoio Estudantil do Campus de Aquidauana &#8211; UAE\/CPAQ, localizada na Unidade II, Bloco A, Sala A 10;<\/p>\n<p>O usu\u00e1rio dever\u00e1 apresentar, sempre que necess\u00e1rio, reclama\u00e7\u00f5es e\/ou sugest\u00f5es \u00e0 Unidade de Apoio Estudantil do Campus de Aquidauana &#8211; UAE\/CPAQ. Para verificar dias e hor\u00e1rios de atendimento da UAE\/CPAQ bem como meios de contato (telefones e e-mails), clique aqui.<\/p>\n<\/div><\/div>\n","protected":false},"excerpt":{"rendered":"<p>\u200b\u200b\u200b\u200b\u200b\u200b\u200b<\/p>\n","protected":false},"author":2904,"featured_media":30611,"parent":29698,"menu_order":0,"comment_status":"closed","ping_status":"closed","template":"page-templates\/page-coordenadorias.php","meta":{"footnotes":""},"coauthors":[],"class_list":["post-11163","page","type-page","status-publish","has-post-thumbnail","hentry"],"_links":{"self":[{"href":"https:\/\/cpaq.ufms.br\/en\/wp-json\/wp\/v2\/pages\/11163","targetHints":{"allow":["GET"]}}],"collection":[{"href":"https:\/\/cpaq.ufms.br\/en\/wp-json\/wp\/v2\/pages"}],"about":[{"href":"https:\/\/cpaq.ufms.br\/en\/wp-json\/wp\/v2\/types\/page"}],"author":[{"embeddable":true,"href":"https:\/\/cpaq.ufms.br\/en\/wp-json\/wp\/v2\/users\/2904"}],"replies":[{"embeddable":true,"href":"https:\/\/cpaq.ufms.br\/en\/wp-json\/wp\/v2\/comments?post=11163"}],"version-history":[{"count":12,"href":"https:\/\/cpaq.ufms.br\/en\/wp-json\/wp\/v2\/pages\/11163\/revisions"}],"predecessor-version":[{"id":36552,"href":"https:\/\/cpaq.ufms.br\/en\/wp-json\/wp\/v2\/pages\/11163\/revisions\/36552"}],"up":[{"embeddable":true,"href":"https:\/\/cpaq.ufms.br\/en\/wp-json\/wp\/v2\/pages\/29698"}],"wp:featuredmedia":[{"embeddable":true,"href":"https:\/\/cpaq.ufms.br\/en\/wp-json\/wp\/v2\/media\/30611"}],"wp:attachment":[{"href":"https:\/\/cpaq.ufms.br\/en\/wp-json\/wp\/v2\/media?parent=11163"}],"wp:term":[{"taxonomy":"author","embeddable":true,"href":"https:\/\/cpaq.ufms.br\/en\/wp-json\/wp\/v2\/coauthors?post=11163"}],"curies":[{"name":"wp","href":"https:\/\/api.w.org\/{rel}","templated":true}]}}

SETAES &#8211; Orientações para utilização da cozinha acadêmica

<p>​​​​​​​<div class="panel panel-info"><div class="panel-heading">Orientações</div><div class="panel-body">
<p><strong><u>ORIENTAÇÕES PARA UTILIZAÇÃO DA COZINHA ACADÊMICA</u></strong></p>
<ol>
<li>Finalidade:
<ul>
<li>Atender aos acadêmicos dos Cursos de Graduação e alunos da Pós-graduação do Campus de Aquidauana para que possam realizar refeições e acondicionar alimentos.</li>
</ul>
</li>
<li>Local:
<ul>
<li>A Cozinha Acadêmica está localizada na Unidade II, Bloco C, Sala C 02.</li>
</ul>
</li>
<li>Estrutura:
<ul>
<li>A Cozinha Acadêmica possui pia e conta com os seguintes mobiliários e aparelhos: 1 armário; 1 cafeteira; 1 forno micro-ondas; 1 geladeira; 1 mesa e 2 cadeiras.</li>
</ul>
</li>
<li>Horário de Funcionamento:
<ul>
<li>Segunda a sexta-feira: 7h às 22h30min;</li>
<li>Sábado: 7h às 17h.</li>
</ul>
</li>
<li>Orientações ao Usuário:
<ul>
<li>Os aparelhos que compõem a Cozinha Acadêmica serão utilizados para o preparo de café, refeições rápidas, acondicionar água, sucos/similares e alimentos quando necessário.
<ul>
<li>Os aparelhos disponibilizados, descritos no item nº 3 deste documento, serão utilizados conforme recomendações constantes nos manuais de instruções que estarão disponíveis na Cozinha Acadêmica;</li>
<li>Para realizar refeições, o(a) acadêmico(a) deverá possuir utensílios próprios, como pratos e talheres.</li>
</ul>
</li>
<li>Devido ao fluxo de usuários na Cozinha Acadêmica, é necessária a identificação de recipientes/alimentos, que permanecerão armazenados no espaço físico ou nos aparelhos da Cozinha Acadêmica, com o nome do usuário e seu respectivo curso.
<ul>
<li>A aquisição de alimentos e demais produtos de consumo será feita pelo próprio usuário, sem incorrer qualquer responsabilidade ao Campus de Aquidauana;</li>
<li>O usuário deverá zelar pela higiene do local, mantendo limpos os aparelhos de micro-ondas e cafeteira e a pia da cozinha;</li>
<li>O espaço físico será limpo, diariamente, por colaboradores terceirizados do Campus de Aquidauana;</li>
<li>A Unidade de Apoio Estudantil do Campus de Aquidauana &#8211; UAE/CPAQ bem como a Direção do Campus de Aquidauana não serão responsáveis por quaisquer objetos/alimentos de consumo próprio deixados pelo usuário no espaço físico ou em aparelhos que compõem a Cozinha Acadêmica;</li>
<li>Não haverá agendamento para utilização da cozinha Acadêmica, devendo o usuário observar os princípios da boa educação, respeito, convivência harmoniosa e companheirismo.</li>
</ul>
</li>
</ul>
</li>
</ol>
<ol start="6">
<li>Proibições:
<ul>
<li>É vedado, por se tratar de patrimônio público, colar, pintar ou colocar adesivos na estrutura física da Cozinha Acadêmica bem como nos aparelhos que a compõem;</li>
<li>Não será permitido o armazenamento ou a utilização de bebida alcoólica na Cozinha Acadêmica;</li>
<li>Utilizar a Cozinha Acadêmica para finalidades não previstas nestas orientações;</li>
<li>Danificar os aparelhos, mobiliários e a estrutura física da Cozinha Acadêmica, podendo o usuário responder por danos ou prejuízos causados ao erário.</li>
</ul>
</li>
</ol>
<p><strong>Setor de Atendimento ao Usuário:</strong></p>
<p>O Setor de Atendimento ao Usuário será a Unidade de Apoio Estudantil do Campus de Aquidauana &#8211; UAE/CPAQ, localizada na Unidade II, Bloco A, Sala A 10;</p>
<p>O usuário deverá apresentar, sempre que necessário, reclamações e/ou sugestões à Unidade de Apoio Estudantil do Campus de Aquidauana &#8211; UAE/CPAQ. Para verificar dias e horários de atendimento da UAE/CPAQ bem como meios de contato (telefones e e-mails), clique aqui.</p>
</div></div>
